-- Table structure for table `service_invoice_items`
--

CREATE TABLE `service_invoice_items` (
  `service_invoice_item_id` int(11) NOT NULL AUTO_INCREMENT,
  `service_invoice_id` int(11) DEFAULT NULL,
  `service_id` int(11) DEFAULT NULL,
  `qty` decimal(18,2) DEFAULT NULL,
  `discount` decimal(18,2) DEFAULT 0.00,
  `batch` varchar(255) DEFAULT NULL,
  `product_sale_price` decimal(18,2) DEFAULT NULL,
  `product_purchase_price` decimal(18,2) DEFAULT NULL,
  `invoice_subtotal` decimal(18,2) DEFAULT 0.00,
  PRIMARY KEY (`service_invoice_item_id`)
) ENGINE=InnoDB AUTO_INCREMENT=2002 DEFAULT CHARSET=latin1;

--
-- Dumping data for table `service_invoice_items`
--

INSERT INTO `service_invoice_items` (`service_invoice_item_id`, `service_invoice_id`, `service_id`, `qty`, `discount`, `batch`, `product_sale_price`, `product_purchase_price`, `invoice_subtotal`) VALUES (1,1,26,1.00,0.00,NULL,NULL,4200.00,4200.00),(2,2,33,1.00,0.00,NULL,NULL,15125.00,15125.00),(3,3,33,1.00,0.00,NULL,NULL,11550.00,11550.00),(4,4,34,1.00,0.00,NULL,NULL,7675.00,7675.00),(5,5,34,1.00,0.00,NULL,NULL,23010.00,23010.00),(6,6,34,1.00,0.00,NULL,NULL,25300.00,25300.00),(7,7,35,1.00,0.00,NULL,NULL,15950.00,15950.00),(8,8,10,1.00,0.00,NULL,NULL,1100.00,1100.00),(9,9,10,1.00,0.00,NULL,NULL,1325.00,1325.00),(10,10,10,1.00,0.00,NULL,NULL,1325.00,1325.00),(11,11,32,1.00,0.00,NULL,NULL,2100.00,2100.00),(12,12,10,1.00,0.00,NULL,NULL,1175.00,1175.00),(13,13,32,1.00,0.00,NULL,NULL,11700.00,11700.00),(15,15,35,1.00,0.00,NULL,NULL,8200.00,8200.00),(16,16,34,1.00,0.00,NULL,NULL,13280.00,13280.00),(17,17,34,1.00,0.00,NULL,NULL,2900.00,2900.00),(18,18,34,1.00,0.00,NULL,NULL,8100.00,8100.00),(19,19,10,1.00,0.00,NULL,NULL,1625.00,1625.00),(20,20,10,1.00,0.00,NULL,NULL,2925.00,2925.00),(21,21,34,1.00,0.00,NULL,NULL,7600.00,7600.00),(22,22,10,1.00,0.00,NULL,NULL,1750.00,1750.00),(23,23,34,1.00,0.00,NULL,NULL,5840.00,5840.00),(25,25,32,1.00,0.00,NULL,NULL,9715.00,9715.00),(26,0,32,1.00,0.00,NULL,NULL,2290.00,2290.00),(27,26,32,1.00,0.00,NULL,NULL,2290.00,2290.00),(28,27,26,1.00,0.00,NULL,NULL,650.00,650.00),(29,28,41,1.00,0.00,NULL,NULL,580.00,580.00),(30,29,41,1.00,0.00,NULL,NULL,10275.00,10275.00),(31,30,34,1.00,0.00,NULL,NULL,12605.00,12605.00),(32,31,31,1.00,0.00,NULL,NULL,17500.00,17500.00),(33,32,33,1.00,0.00,NULL,NULL,17640.00,17640.00),(34,33,33,1.00,0.00,NULL,NULL,10100.00,10100.00),(35,34,35,1.00,0.00,NULL,NULL,2650.00,2650.00),(36,35,32,1.00,0.00,NULL,NULL,1400.00,1400.00),(37,36,32,1.00,0.00,NULL,NULL,66606.00,66606.00),(38,37,32,1.00,0.00,NULL,NULL,26200.00,26200.00),(39,38,32,1.00,0.00,NULL,NULL,11070.00,11070.00),(40,39,32,1.00,0.00,NULL,NULL,12875.00,12875.00),(41,40,10,1.00,0.00,NULL,NULL,1525.00,1525.00),(42,41,1,1.00,0.00,NULL,NULL,1350.00,1350.00),(43,42,1,1.00,0.00,NULL,NULL,1500.00,1500.00),(44,43,33,1.00,0.00,NULL,NULL,18500.00,18500.00),(45,44,26,1.00,0.00,NULL,NULL,13325.00,13325.00),(46,45,32,1.00,0.00,NULL,NULL,5850.00,5850.00),(47,46,32,1.00,0.00,NULL,NULL,41325.00,41325.00),(48,47,1,1.00,0.00,NULL,NULL,2000.00,2000.00),(49,48,1,1.00,0.00,NULL,NULL,700.00,700.00),(50,49,32,1.00,0.00,NULL,NULL,1800.00,1800.00),(51,50,32,1.00,0.00,NULL,NULL,1800.00,1800.00),(52,51,26,1.00,0.00,NULL,NULL,18925.00,18925.00),(53,52,32,1.00,0.00,NULL,NULL,6550.00,6550.00),(54,53,32,1.00,0.00,NULL,NULL,42860.00,42860.00),(55,54,32,1.00,0.00,NULL,NULL,46450.00,46450.00),(56,55,32,1.00,0.00,NULL,NULL,3600.00,3600.00),(57,56,32,1.00,0.00,NULL,NULL,4090.00,4090.00),(58,57,32,1.00,0.00,NULL,NULL,30400.00,30400.00),(59,58,33,1.00,0.00,NULL,NULL,11970.00,11970.00),(60,59,32,1.00,0.00,NULL,NULL,1000.00,1000.00),(61,60,1,1.00,0.00,NULL,NULL,5000.00,5000.00),(62,61,1,1.00,0.00,NULL,NULL,5000.00,5000.00),(63,62,1,1.00,0.00,NULL,NULL,2000.00,2000.00),(64,63,1,1.00,0.00,NULL,NULL,1500.00,1500.00),(65,64,32,1.00,0.00,NULL,NULL,11070.00,11070.00),(72,71,32,1.00,0.00,NULL,NULL,6300.00,6300.00),(73,72,1,1.00,0.00,NULL,NULL,5000.00,5000.00),(75,0,1,1.00,0.00,NULL,NULL,4000.00,4000.00),(76,74,1,1.00,0.00,NULL,NULL,4000.00,4000.00),(77,75,1,1.00,0.00,NULL,NULL,2000.00,2000.00),(78,76,1,1.00,0.00,NULL,NULL,4000.00,4000.00),(79,77,1,1.00,0.00,NULL,NULL,6390.00,6390.00),(80,0,1,1.00,0.00,NULL,NULL,6390.00,6390.00),(81,78,1,1.00,0.00,NULL,NULL,4000.00,4000.00),(82,79,32,1.00,0.00,NULL,NULL,1900.00,1900.00),(83,80,32,1.00,0.00,NULL,NULL,59785.00,59785.00),(84,81,32,1.00,0.00,NULL,NULL,29250.00,29250.00),(85,82,26,1.00,0.00,NULL,NULL,19150.00,19150.00),(86,83,26,1.00,0.00,NULL,NULL,480.00,480.00),(87,84,32,1.00,0.00,NULL,NULL,15200.00,15200.00),(88,85,32,1.00,0.00,NULL,NULL,14760.00,14760.00),(89,86,32,1.00,0.00,NULL,NULL,21200.00,21200.00),(90,87,32,1.00,0.00,NULL,NULL,72190.00,72190.00),(91,88,32,1.00,0.00,NULL,NULL,48166.00,48166.00),(92,89,32,1.00,0.00,NULL,NULL,4750.00,4750.00),(93,90,26,1.00,0.00,NULL,NULL,7900.00,7900.00),(94,91,33,1.00,0.00,NULL,NULL,33915.00,33915.00),(95,92,27,1.00,0.00,NULL,NULL,31770.00,31770.00),(96,93,42,1.00,0.00,NULL,NULL,31770.00,31770.00),(97,94,20,1.00,0.00,NULL,NULL,5500.00,5500.00),(98,95,32,1.00,0.00,NULL,NULL,4500.00,4500.00),(99,96,52,1.00,0.00,NULL,NULL,13000.00,13000.00),(100,97,31,1.00,0.00,NULL,NULL,3334.00,3334.00),(101,98,33,1.00,0.00,NULL,NULL,3333.00,3333.00),(102,99,32,1.00,0.00,NULL,NULL,3333.00,3333.00),(103,100,50,1.00,0.00,NULL,NULL,10000.00,10000.00),(104,101,49,1.00,0.00,NULL,NULL,10000.00,10000.00),(105,102,36,1.00,0.00,NULL,NULL,3334.00,3334.00),(106,103,35,1.00,0.00,NULL,NULL,3333.00,3333.00),(107,104,34,1.00,0.00,NULL,NULL,3333.00,3333.00),(108,105,47,1.00,0.00,NULL,NULL,605000.00,605000.00),(109,106,25,1.00,0.00,NULL,NULL,950500.00,950500.00),(110,107,32,1.00,0.00,NULL,NULL,4150.00,4150.00),(111,108,32,1.00,0.00,NULL,NULL,19950.00,19950.00),(112,109,32,1.00,0.00,NULL,NULL,20900.00,20900.00),(113,110,27,1.00,0.00,NULL,NULL,13500.00,13500.00),(114,111,41,1.00,0.00,NULL,NULL,13500.00,13500.00),(116,113,32,1.00,0.00,NULL,NULL,10000.00,10000.00),(117,114,34,1.00,0.00,NULL,NULL,10000.00,10000.00),(118,115,56,1.00,0.00,NULL,NULL,10000.00,10000.00),(119,116,57,1.00,0.00,NULL,NULL,10000.00,10000.00),(120,117,56,1.00,0.00,NULL,NULL,11222.00,11222.00),(121,118,57,1.00,0.00,NULL,NULL,11222.00,11222.00),(122,119,56,1.00,0.00,NULL,NULL,1000.00,1000.00),(123,120,32,1.00,0.00,NULL,NULL,1500.00,1500.00),(125,122,32,1.00,0.00,NULL,NULL,6208.00,6208.00),(126,123,31,1.00,0.00,NULL,NULL,2400.00,2400.00),(127,124,33,1.00,0.00,NULL,NULL,52110.00,52110.00),(128,125,56,1.00,0.00,NULL,NULL,20300.00,20300.00),(129,126,57,1.00,0.00,NULL,NULL,38200.00,38200.00),(130,127,57,1.00,0.00,NULL,NULL,1650.00,1650.00),(131,128,57,1.00,0.00,NULL,NULL,66420.00,66420.00),(132,129,56,1.00,0.00,NULL,NULL,66420.00,66420.00),(133,130,57,1.00,0.00,NULL,NULL,6422.00,6422.00),(134,131,56,1.00,0.00,NULL,NULL,6422.00,6422.00),(135,132,61,1.00,0.00,NULL,NULL,42750.00,42750.00),(136,133,32,1.00,0.00,NULL,NULL,400.00,400.00),(137,134,26,1.00,0.00,NULL,NULL,630.00,630.00),(138,135,65,1.00,0.00,NULL,NULL,460.00,460.00),(139,136,62,1.00,0.00,NULL,NULL,6500.00,6500.00),(140,137,65,1.00,0.00,NULL,NULL,690.00,690.00),(141,138,62,1.00,0.00,NULL,NULL,920.00,920.00),(142,139,56,1.00,0.00,NULL,NULL,1700.00,1700.00),(143,140,60,1.00,0.00,NULL,NULL,600.00,600.00),(145,142,62,1.00,0.00,NULL,NULL,1152.00,1152.00),(146,143,33,1.00,0.00,NULL,NULL,16245.00,16245.00),(147,144,34,1.00,0.00,NULL,NULL,2095.00,2095.00),(148,145,33,1.00,0.00,NULL,NULL,300.00,300.00),(149,146,58,1.00,0.00,NULL,NULL,2000.00,2000.00),(150,147,26,1.00,0.00,NULL,NULL,160.00,160.00),(151,148,62,1.00,0.00,NULL,NULL,1550.00,1550.00),(152,149,56,1.00,0.00,NULL,NULL,390.00,390.00),(153,150,32,1.00,0.00,NULL,NULL,500.00,500.00),(154,151,31,1.00,0.00,NULL,NULL,5000.00,5000.00),(155,152,62,1.00,0.00,NULL,NULL,8000.00,8000.00),(156,153,64,1.00,0.00,NULL,NULL,15000.00,15000.00),(157,154,59,1.00,0.00,NULL,NULL,500.00,500.00),(158,155,35,1.00,0.00,NULL,NULL,775.00,775.00),(159,156,56,1.00,0.00,NULL,NULL,36432.00,36432.00),(160,157,62,1.00,0.00,NULL,NULL,33953.00,33953.00),(161,158,62,1.00,0.00,NULL,NULL,23990.00,23990.00),(162,159,56,1.00,0.00,NULL,NULL,23990.00,23990.00),(163,160,34,1.00,0.00,NULL,NULL,150.00,150.00),(164,161,31,1.00,0.00,NULL,NULL,10000.00,10000.00),(165,162,26,1.00,0.00,NULL,NULL,1000.00,1000.00),(166,163,58,1.00,0.00,NULL,NULL,500.00,500.00),(168,165,32,1.00,0.00,NULL,NULL,21325.00,21325.00),(169,166,32,1.00,0.00,NULL,NULL,8800.00,8800.00),(170,167,32,1.00,0.00,NULL,NULL,800.00,800.00),(171,168,32,1.00,0.00,NULL,NULL,25260.00,25260.00),(172,169,32,1.00,0.00,NULL,NULL,38725.00,38725.00),(173,170,32,1.00,0.00,NULL,NULL,60225.00,60225.00),(174,171,26,1.00,0.00,NULL,NULL,15050.00,15050.00),(175,172,30,1.00,0.00,NULL,NULL,10000.00,10000.00),(177,174,31,1.00,0.00,NULL,NULL,7500.00,7500.00),(178,175,30,1.00,0.00,NULL,NULL,1000.00,1000.00),(179,176,29,1.00,0.00,NULL,NULL,1500.00,1500.00),(180,177,32,1.00,0.00,NULL,NULL,12620.00,12620.00),(181,178,26,1.00,0.00,NULL,NULL,3000.00,3000.00),(182,179,58,1.00,0.00,NULL,NULL,630.00,630.00),(183,180,58,1.00,0.00,NULL,NULL,500.00,500.00),(184,181,33,1.00,0.00,NULL,NULL,220.00,220.00),(185,182,32,1.00,0.00,NULL,NULL,2000.00,2000.00),(186,183,59,1.00,0.00,NULL,NULL,2000.00,2000.00),(187,184,67,1.00,0.00,NULL,NULL,1000.00,1000.00),(188,185,62,1.00,0.00,NULL,NULL,1800.00,1800.00),(189,186,41,1.00,0.00,NULL,NULL,38525.00,38525.00),(190,187,27,1.00,0.00,NULL,NULL,38525.00,38525.00),(191,188,30,1.00,0.00,NULL,NULL,141735.00,141735.00),(192,189,38,1.00,0.00,NULL,NULL,102548.00,102548.00),(193,190,40,1.00,0.00,NULL,NULL,1770.00,1770.00),(194,191,26,1.00,0.00,NULL,NULL,6100.00,6100.00),(195,192,42,1.00,0.00,NULL,NULL,6100.00,6100.00),(196,193,58,1.00,0.00,NULL,NULL,1200.00,1200.00),(197,194,26,1.00,0.00,NULL,NULL,530.00,530.00),(198,195,58,1.00,0.00,NULL,NULL,9180.00,9180.00),(199,196,68,1.00,0.00,NULL,NULL,74190.00,74190.00),(200,197,29,1.00,0.00,NULL,NULL,1561.00,1561.00),(201,198,69,1.00,0.00,NULL,NULL,37150.00,37150.00),(202,199,62,1.00,0.00,NULL,NULL,16600.00,16600.00),(203,200,35,1.00,0.00,NULL,NULL,8700.00,8700.00),(204,201,34,1.00,0.00,NULL,NULL,550.00,550.00),(205,202,35,1.00,0.00,NULL,NULL,400.00,400.00),(206,203,26,1.00,0.00,NULL,NULL,4000.00,4000.00),(207,204,59,1.00,0.00,NULL,NULL,800.00,800.00),(208,205,30,1.00,0.00,NULL,NULL,8100.00,8100.00),(209,206,58,1.00,0.00,NULL,NULL,9420.00,9420.00),(210,207,28,1.00,0.00,NULL,NULL,320.00,320.00),(211,208,70,1.00,0.00,NULL,NULL,16821.00,16821.00),(212,209,29,1.00,0.00,NULL,NULL,2800.00,2800.00),(213,210,29,1.00,0.00,NULL,NULL,228.00,228.00),(214,211,26,1.00,0.00,NULL,NULL,4500.00,4500.00),(215,212,42,1.00,0.00,NULL,NULL,4500.00,4500.00),(216,213,32,1.00,0.00,NULL,NULL,370.00,370.00),(217,214,62,1.00,0.00,NULL,NULL,550.00,550.00),(218,215,28,1.00,0.00,NULL,NULL,310.00,310.00),(219,216,32,1.00,0.00,NULL,NULL,9000.00,9000.00),(220,217,3,1.00,0.00,NULL,NULL,5400.00,5400.00),(221,218,59,1.00,0.00,NULL,NULL,350.00,350.00),(222,219,59,1.00,0.00,NULL,NULL,350.00,350.00),(223,220,66,1.00,0.00,NULL,NULL,600.00,600.00),(224,221,32,1.00,0.00,NULL,NULL,600.00,600.00),(225,222,59,1.00,0.00,NULL,NULL,800.00,800.00),(226,223,58,1.00,0.00,NULL,NULL,1160.00,1160.00),(227,224,60,1.00,0.00,NULL,NULL,600.00,600.00),(228,225,34,1.00,0.00,NULL,NULL,1100.00,1100.00),(229,226,28,1.00,0.00,NULL,NULL,160.00,160.00),(230,227,56,1.00,0.00,NULL,NULL,51678.00,51678.00),(231,228,62,1.00,0.00,NULL,NULL,51678.00,51678.00),(232,229,32,1.00,0.00,NULL,NULL,3000.00,3000.00),(233,230,56,1.00,0.00,NULL,NULL,5650.00,5650.00),(234,231,62,1.00,0.00,NULL,NULL,1465.00,1465.00),(235,232,56,1.00,0.00,NULL,NULL,10300.00,10300.00),(236,233,34,1.00,0.00,NULL,NULL,460.00,460.00),(237,234,35,1.00,0.00,NULL,NULL,110.00,110.00),(238,235,42,1.00,0.00,NULL,NULL,4400.00,4400.00),(239,236,26,1.00,0.00,NULL,NULL,2200.00,2200.00),(240,237,34,1.00,0.00,NULL,NULL,4980.00,4980.00),(241,238,59,1.00,0.00,NULL,NULL,800.00,800.00),(242,239,60,1.00,0.00,NULL,NULL,300.00,300.00),(243,240,10,1.00,0.00,NULL,NULL,1800.00,1800.00),(244,241,62,1.00,0.00,NULL,NULL,2000.00,2000.00),(245,242,64,1.00,0.00,NULL,NULL,44423.00,44423.00),(246,243,64,1.00,0.00,NULL,NULL,200000.00,200000.00),(247,244,56,1.00,0.00,NULL,NULL,10300.00,10300.00),(248,245,61,1.00,0.00,NULL,NULL,15000.00,15000.00),(249,246,34,1.00,0.00,NULL,NULL,15000.00,15000.00),(250,247,64,1.00,0.00,NULL,NULL,4950.00,4950.00),(251,248,56,1.00,0.00,NULL,NULL,1500.00,1500.00),(252,249,56,1.00,0.00,NULL,NULL,27742.00,27742.00),(253,250,62,1.00,0.00,NULL,NULL,27742.00,27742.00),(254,251,32,1.00,0.00,NULL,NULL,270.00,270.00),(255,252,62,1.00,0.00,NULL,NULL,450.00,450.00),(256,253,34,1.00,0.00,NULL,NULL,620.00,620.00),(257,254,59,1.00,0.00,NULL,NULL,500.00,500.00),(258,255,62,1.00,0.00,NULL,NULL,1065.00,1065.00),(259,256,56,1.00,0.00,NULL,NULL,3500.00,3500.00),(260,257,56,1.00,0.00,NULL,NULL,5435.00,5435.00),(261,258,37,1.00,0.00,NULL,NULL,1200.00,1200.00),(262,259,26,1.00,0.00,NULL,NULL,2200.00,2200.00),(263,260,3,1.00,0.00,NULL,NULL,3250.00,3250.00),(264,261,29,1.00,0.00,NULL,NULL,2800.00,2800.00),(265,262,67,1.00,0.00,NULL,NULL,300.00,300.00),(266,263,58,1.00,0.00,NULL,NULL,150.00,150.00),(267,264,32,1.00,0.00,NULL,NULL,180.00,180.00),(268,265,30,1.00,0.00,NULL,NULL,125670.00,125670.00),(269,266,38,1.00,0.00,NULL,NULL,96146.00,96146.00),(270,267,68,1.00,0.00,NULL,NULL,62020.00,62020.00),(271,268,10,1.00,0.00,NULL,NULL,2546.00,2546.00),(272,269,38,1.00,0.00,NULL,NULL,26000.00,26000.00),(273,270,38,1.00,0.00,NULL,NULL,5850.00,5850.00),(274,271,70,1.00,0.00,NULL,NULL,8145.00,8145.00),(275,272,64,1.00,0.00,NULL,NULL,8980.00,8980.00),(276,273,28,1.00,0.00,NULL,NULL,1000.00,1000.00),(277,274,69,1.00,0.00,NULL,NULL,28100.00,28100.00),(278,275,56,1.00,0.00,NULL,NULL,10500.00,10500.00),(279,276,62,1.00,0.00,NULL,NULL,10500.00,10500.00),(280,277,28,1.00,0.00,NULL,NULL,29660.00,29660.00),(281,278,58,1.00,0.00,NULL,NULL,10020.00,10020.00),(282,279,62,1.00,0.00,NULL,NULL,840.00,840.00),(283,280,35,1.00,0.00,NULL,NULL,830.00,830.00),(284,281,56,1.00,0.00,NULL,NULL,830.00,830.00),(285,282,28,1.00,0.00,NULL,NULL,1200.00,1200.00),(286,283,30,1.00,0.00,NULL,NULL,5850.00,5850.00),(287,284,58,1.00,0.00,NULL,NULL,500.00,500.00),(288,285,28,1.00,0.00,NULL,NULL,22129.00,22129.00),(291,288,31,1.00,0.00,NULL,NULL,4860.00,4860.00),(292,289,33,1.00,0.00,NULL,NULL,2590.00,2590.00),(293,290,26,1.00,0.00,NULL,NULL,6120.00,6120.00),(294,291,26,1.00,0.00,NULL,NULL,2612.00,2612.00),(295,292,33,1.00,0.00,NULL,NULL,3570.00,3570.00),(296,293,63,1.00,0.00,NULL,NULL,24500.00,24500.00),(297,294,62,1.00,0.00,NULL,NULL,7730.00,7730.00),(298,295,41,1.00,0.00,NULL,NULL,4500.00,4500.00),(299,296,41,1.00,0.00,NULL,NULL,330.00,330.00),(300,297,41,1.00,0.00,NULL,NULL,320.00,320.00),(301,298,41,1.00,0.00,NULL,NULL,700.00,700.00),(302,299,56,1.00,0.00,NULL,NULL,360.00,360.00),(303,300,62,1.00,0.00,NULL,NULL,420.00,420.00),(304,301,34,1.00,0.00,NULL,NULL,300.00,300.00),(305,302,42,1.00,0.00,NULL,NULL,1090.00,1090.00),(306,303,42,1.00,0.00,NULL,NULL,460.00,460.00),(307,304,24,1.00,0.00,NULL,NULL,82000.00,82000.00),(308,305,46,1.00,0.00,NULL,NULL,95500.00,95500.00),(309,306,28,1.00,0.00,NULL,NULL,37091.00,37091.00),(310,307,39,1.00,0.00,NULL,NULL,16039.00,16039.00),(311,308,62,1.00,0.00,NULL,NULL,830.00,830.00),(312,309,41,1.00,0.00,NULL,NULL,1760.00,1760.00),(313,310,41,1.00,0.00,NULL,NULL,2360.00,2360.00),(314,311,41,1.00,0.00,NULL,NULL,1260.00,1260.00),(315,312,77,1.00,0.00,NULL,NULL,2570.00,2570.00),(316,313,72,1.00,0.00,NULL,NULL,1580.00,1580.00),(317,314,62,1.00,0.00,NULL,NULL,14000.00,14000.00),(318,315,56,1.00,0.00,NULL,NULL,14000.00,14000.00),(319,316,28,1.00,0.00,NULL,NULL,1000.00,1000.00),(320,317,64,1.00,0.00,NULL,NULL,18470.00,18470.00),(321,318,40,1.00,0.00,NULL,NULL,500.00,500.00),(322,319,34,1.00,0.00,NULL,NULL,860.00,860.00),(323,320,62,1.00,0.00,NULL,NULL,2100.00,2100.00),(324,321,57,1.00,0.00,NULL,NULL,2355.00,2355.00),(325,322,32,1.00,0.00,NULL,NULL,310.00,310.00),(326,323,57,1.00,0.00,NULL,NULL,8000.00,8000.00),(327,324,63,1.00,0.00,NULL,NULL,4000.00,4000.00),(328,325,65,1.00,0.00,NULL,NULL,4000.00,4000.00),(329,326,73,1.00,0.00,NULL,NULL,2360.00,2360.00),(330,327,71,1.00,0.00,NULL,NULL,2660.00,2660.00),(331,328,34,1.00,0.00,NULL,NULL,1350.00,1350.00),(332,329,62,1.00,0.00,NULL,NULL,5256.00,5256.00),(333,330,79,1.00,0.00,NULL,NULL,28450.00,28450.00),(334,331,26,1.00,0.00,NULL,NULL,900.00,900.00),(335,332,56,1.00,0.00,NULL,NULL,3690.00,3690.00),(336,333,42,1.00,0.00,NULL,NULL,1020.00,1020.00),(337,334,30,1.00,0.00,NULL,NULL,134732.00,134732.00),(338,335,38,1.00,0.00,NULL,NULL,118453.00,118453.00),(339,336,38,1.00,0.00,NULL,NULL,24178.00,24178.00),(340,337,69,1.00,0.00,NULL,NULL,25550.00,25550.00),(341,338,40,1.00,0.00,NULL,NULL,8966.00,8966.00),(342,339,10,1.00,0.00,NULL,NULL,1520.00,1520.00),(343,340,68,1.00,0.00,NULL,NULL,76840.00,76840.00),(344,341,10,1.00,0.00,NULL,NULL,6850.00,6850.00),(345,342,62,1.00,0.00,NULL,NULL,1030.00,1030.00),(346,343,72,1.00,0.00,NULL,NULL,2000.00,2000.00),(347,344,56,1.00,0.00,NULL,NULL,5000.00,5000.00),(348,345,62,1.00,0.00,NULL,NULL,5000.00,5000.00),(349,346,65,1.00,0.00,NULL,NULL,2400.00,2400.00),(350,347,56,1.00,0.00,NULL,NULL,15000.00,15000.00),(351,348,40,1.00,0.00,NULL,NULL,400.00,400.00),(352,349,30,1.00,0.00,NULL,NULL,4500.00,4500.00),(353,350,34,1.00,0.00,NULL,NULL,4950.00,4950.00),(354,351,41,1.00,0.00,NULL,NULL,450.00,450.00),(355,352,26,1.00,0.00,NULL,NULL,7058.00,7058.00),(356,353,33,1.00,0.00,NULL,NULL,2950.00,2950.00),(357,354,70,1.00,0.00,NULL,NULL,9870.00,9870.00),(358,355,29,1.00,0.00,NULL,NULL,2800.00,2800.00),(359,356,73,1.00,0.00,NULL,NULL,1250.00,1250.00),(360,357,28,1.00,0.00,NULL,NULL,47000.00,47000.00),(361,358,80,1.00,0.00,NULL,NULL,800.00,800.00),(362,359,40,1.00,0.00,NULL,NULL,400.00,400.00),(363,360,10,1.00,0.00,NULL,NULL,630.00,630.00),(364,361,57,1.00,0.00,NULL,NULL,650.00,650.00),(365,362,62,1.00,0.00,NULL,NULL,580.00,580.00),(366,363,57,1.00,0.00,NULL,NULL,260.00,260.00),(367,364,10,1.00,0.00,NULL,NULL,500.00,500.00),(368,365,64,1.00,0.00,NULL,NULL,27325.00,27325.00),(369,366,72,1.00,0.00,NULL,NULL,600.00,600.00),(370,367,31,1.00,0.00,NULL,NULL,1000.00,1000.00),(371,368,40,1.00,0.00,NULL,NULL,500.00,500.00),(372,369,73,1.00,0.00,NULL,NULL,210.00,210.00),(373,370,27,1.00,0.00,NULL,NULL,7300.00,7300.00),(374,371,27,1.00,0.00,NULL,NULL,840.00,840.00),(375,372,26,1.00,0.00,NULL,NULL,400.00,400.00),(376,373,42,1.00,0.00,NULL,NULL,4040.00,4040.00),(377,374,41,1.00,0.00,NULL,NULL,6760.00,6760.00),(378,375,26,1.00,0.00,NULL,NULL,15110.00,15110.00),(379,376,72,1.00,0.00,NULL,NULL,430.00,430.00),(380,377,56,1.00,0.00,NULL,NULL,19602.00,19602.00),(381,378,56,1.00,0.00,NULL,NULL,48000.00,48000.00),(382,379,62,1.00,0.00,NULL,NULL,24960.00,24960.00),(383,380,35,1.00,0.00,NULL,NULL,600.00,600.00),(384,381,34,1.00,0.00,NULL,NULL,240.00,240.00),(385,382,72,1.00,0.00,NULL,NULL,810.00,810.00),(386,383,10,1.00,0.00,NULL,NULL,22380.00,22380.00),(387,384,28,1.00,0.00,NULL,NULL,500.00,500.00),(388,385,31,1.00,0.00,NULL,NULL,1000.00,1000.00),(389,386,74,1.00,0.00,NULL,NULL,320.00,320.00),(390,387,38,1.00,0.00,NULL,NULL,500.00,500.00),(391,388,56,1.00,0.00,NULL,NULL,3600.00,3600.00),(392,389,72,1.00,0.00,NULL,NULL,550.00,550.00),(393,390,64,1.00,0.00,NULL,NULL,28930.00,28930.00),(394,391,29,1.00,0.00,NULL,NULL,1260.00,1260.00),(395,392,62,1.00,0.00,NULL,NULL,260.00,260.00),(396,393,62,1.00,0.00,NULL,NULL,2800.00,2800.00),(399,396,71,1.00,0.00,NULL,NULL,10000.00,10000.00),(400,397,72,1.00,0.00,NULL,NULL,10000.00,10000.00),(401,398,74,1.00,0.00,NULL,NULL,10000.00,10000.00),(402,399,73,1.00,0.00,NULL,NULL,10000.00,10000.00),(403,400,40,1.00,0.00,NULL,NULL,500.00,500.00),(404,401,62,1.00,0.00,NULL,NULL,5000.00,5000.00),(405,402,56,1.00,0.00,NULL,NULL,8300.00,8300.00),(406,403,34,1.00,0.00,NULL,NULL,3650.00,3650.00),(407,404,32,1.00,0.00,NULL,NULL,6800.00,6800.00),(408,405,3,1.00,0.00,NULL,NULL,2650.00,2650.00),(409,406,3,1.00,0.00,NULL,NULL,5850.00,5850.00),(410,407,28,1.00,0.00,NULL,NULL,25700.00,25700.00),(411,408,29,1.00,0.00,NULL,NULL,2800.00,2800.00),(412,409,64,1.00,0.00,NULL,NULL,11800.00,11800.00),(413,410,80,1.00,0.00,NULL,NULL,1800.00,1800.00),(414,411,10,1.00,0.00,NULL,NULL,440.00,440.00),(415,412,30,1.00,0.00,NULL,NULL,6750.00,6750.00),(416,413,30,1.00,0.00,NULL,NULL,148785.00,148785.00),(417,414,68,1.00,0.00,NULL,NULL,87427.00,87427.00),(418,415,38,1.00,0.00,NULL,NULL,26200.00,26200.00),(419,416,69,1.00,0.00,NULL,NULL,20000.00,20000.00),(420,417,38,1.00,0.00,NULL,NULL,122147.00,122147.00),(421,418,40,1.00,0.00,NULL,NULL,7905.00,7905.00),(422,419,10,1.00,0.00,NULL,NULL,1482.00,1482.00),(423,420,32,1.00,0.00,NULL,NULL,29100.00,29100.00),(424,421,72,1.00,0.00,NULL,NULL,3300.00,3300.00),(425,422,40,1.00,0.00,NULL,NULL,1200.00,1200.00),(426,423,56,1.00,0.00,NULL,NULL,1000.00,1000.00),(427,424,32,1.00,0.00,NULL,NULL,500.00,500.00),(428,425,33,1.00,0.00,NULL,NULL,500.00,500.00),(429,426,26,1.00,0.00,NULL,NULL,220.00,220.00),(430,427,10,1.00,0.00,NULL,NULL,680.00,680.00),(431,428,28,1.00,0.00,NULL,NULL,350.00,350.00),(432,429,34,1.00,0.00,NULL,NULL,1098.00,1098.00),(433,430,62,1.00,0.00,NULL,NULL,4905.00,4905.00),(434,431,71,1.00,0.00,NULL,NULL,840.00,840.00),(435,432,33,1.00,0.00,NULL,NULL,40000.00,40000.00),(436,433,32,1.00,0.00,NULL,NULL,13875.00,13875.00),(437,434,32,1.00,0.00,NULL,NULL,28075.00,28075.00),(438,435,31,1.00,0.00,NULL,NULL,60000.00,60000.00),(439,436,32,1.00,0.00,NULL,NULL,820.00,820.00),(440,437,32,1.00,0.00,NULL,NULL,8000.00,8000.00),(441,438,34,1.00,0.00,NULL,NULL,1200.00,1200.00),(442,439,37,1.00,0.00,NULL,NULL,21610.00,21610.00),(443,440,30,1.00,0.00,NULL,NULL,20800.00,20800.00),(444,441,56,1.00,0.00,NULL,NULL,25300.00,25300.00),(445,442,57,1.00,0.00,NULL,NULL,16990.00,16990.00),(446,443,35,1.00,0.00,NULL,NULL,13385.00,13385.00),(447,444,56,1.00,0.00,NULL,NULL,32052.00,32052.00),(448,445,62,1.00,0.00,NULL,NULL,12939.00,12939.00),(449,446,56,1.00,0.00,NULL,NULL,23250.00,23250.00),(450,447,62,1.00,0.00,NULL,NULL,23250.00,23250.00),(451,448,64,1.00,0.00,NULL,NULL,55292.00,55292.00),(452,449,34,1.00,0.00,NULL,NULL,540.00,540.00),(453,450,76,1.00,0.00,NULL,NULL,4380.00,4380.00),(454,451,28,1.00,0.00,NULL,NULL,1000.00,1000.00),(455,452,74,1.00,0.00,NULL,NULL,680.00,680.00),(456,453,35,1.00,0.00,NULL,NULL,1130.00,1130.00),(457,454,72,1.00,0.00,NULL,NULL,500.00,500.00),(458,455,56,1.00,0.00,NULL,NULL,45000.00,45000.00),(459,456,62,1.00,0.00,NULL,NULL,27000.00,27000.00),(460,457,68,1.00,0.00,NULL,NULL,770.00,770.00),(461,458,10,1.00,0.00,NULL,NULL,500.00,500.00),(462,459,74,1.00,0.00,NULL,NULL,450.00,450.00),(463,460,74,1.00,0.00,NULL,NULL,730.00,730.00),(464,461,76,1.00,0.00,NULL,NULL,1000.00,1000.00),(465,462,64,1.00,0.00,NULL,NULL,20010.00,20010.00),(466,463,30,1.00,0.00,NULL,NULL,135351.00,135351.00),(467,464,38,1.00,0.00,NULL,NULL,95510.00,95510.00),(468,465,38,1.00,0.00,NULL,NULL,17000.00,17000.00),(469,466,28,1.00,0.00,NULL,NULL,500.00,500.00),(470,467,56,1.00,0.00,NULL,NULL,2760.00,2760.00),(471,468,30,1.00,0.00,NULL,NULL,7650.00,7650.00),(472,469,34,1.00,0.00,NULL,NULL,670.00,670.00),(473,470,62,1.00,0.00,NULL,NULL,840.00,840.00),(474,471,57,1.00,0.00,NULL,NULL,600.00,600.00),(475,472,74,1.00,0.00,NULL,NULL,340.00,340.00),(476,473,29,1.00,0.00,NULL,NULL,2800.00,2800.00),(477,474,10,1.00,0.00,NULL,NULL,10330.00,10330.00),(478,475,10,1.00,0.00,NULL,NULL,14650.00,14650.00),(479,476,39,1.00,0.00,NULL,NULL,300.00,300.00),(480,477,31,1.00,0.00,NULL,NULL,11000.00,11000.00),(481,478,62,1.00,0.00,NULL,NULL,1630.00,1630.00),(482,479,28,1.00,0.00,NULL,NULL,600.00,600.00),(483,480,10,1.00,0.00,NULL,NULL,500.00,500.00),(484,481,56,1.00,0.00,NULL,NULL,4000.00,4000.00),(485,482,34,1.00,0.00,NULL,NULL,820.00,820.00),(486,483,28,1.00,0.00,NULL,NULL,750.00,750.00),(487,484,81,1.00,0.00,NULL,NULL,54300.00,54300.00),(488,485,72,1.00,0.00,NULL,NULL,36000.00,36000.00),(489,486,41,1.00,0.00,NULL,NULL,1130.00,1130.00),(490,487,74,1.00,0.00,NULL,NULL,530.00,530.00),(491,488,41,1.00,0.00,NULL,NULL,350.00,350.00),(492,489,33,1.00,0.00,NULL,NULL,17174.00,17174.00),(493,490,27,1.00,0.00,NULL,NULL,3850.00,3850.00),(494,491,56,1.00,0.00,NULL,NULL,15590.00,15590.00),(495,492,26,1.00,0.00,NULL,NULL,4620.00,4620.00),(496,493,10,1.00,0.00,NULL,NULL,6175.00,6175.00),(497,494,34,1.00,0.00,NULL,NULL,1210.00,1210.00),(498,495,62,1.00,0.00,NULL,NULL,1600.00,1600.00),(499,496,32,1.00,0.00,NULL,NULL,30400.00,30400.00),(500,497,32,1.00,0.00,NULL,NULL,43100.00,43100.00),(501,498,82,1.00,0.00,NULL,NULL,1960.00,1960.00),(502,499,74,1.00,0.00,NULL,NULL,3650.00,3650.00),(503,500,42,1.00,0.00,NULL,NULL,390.00,390.00),(504,501,74,1.00,0.00,NULL,NULL,3460.00,3460.00),(505,502,42,1.00,0.00,NULL,NULL,8910.00,8910.00),(506,503,35,1.00,0.00,NULL,NULL,10640.00,10640.00),(507,504,71,1.00,0.00,NULL,NULL,510.00,510.00),(508,505,62,1.00,0.00,NULL,NULL,850.00,850.00),(509,506,56,1.00,0.00,NULL,NULL,2520.00,2520.00),(510,507,62,1.00,0.00,NULL,NULL,1450.00,1450.00),(511,508,30,1.00,0.00,NULL,NULL,9350.00,9350.00),(513,510,30,1.00,0.00,NULL,NULL,159889.00,159889.00),(514,511,38,1.00,0.00,NULL,NULL,85191.00,85191.00),(515,512,40,1.00,0.00,NULL,NULL,4065.00,4065.00),(516,513,32,1.00,0.00,NULL,NULL,3000.00,3000.00),(517,514,3,1.00,0.00,NULL,NULL,4500.00,4500.00),(518,515,10,1.00,0.00,NULL,NULL,700.00,700.00),(519,516,84,1.00,0.00,NULL,NULL,118141.00,118141.00),(520,517,38,1.00,0.00,NULL,NULL,20450.00,20450.00),(521,518,34,1.00,0.00,NULL,NULL,660.00,660.00),(522,519,32,1.00,0.00,NULL,NULL,240.00,240.00),(523,520,74,1.00,0.00,NULL,NULL,450.00,450.00),(524,521,29,1.00,0.00,NULL,NULL,2800.00,2800.00),(525,522,28,1.00,0.00,NULL,NULL,500.00,500.00),(526,523,72,1.00,0.00,NULL,NULL,300.00,300.00),(527,524,32,1.00,0.00,NULL,NULL,16000.00,16000.00),(528,525,56,1.00,0.00,NULL,NULL,3640.00,3640.00),(529,526,56,1.00,0.00,NULL,NULL,1950.00,1950.00),(530,527,26,1.00,0.00,NULL,NULL,1900.00,1900.00),(531,528,62,1.00,0.00,NULL,NULL,1100.00,1100.00),(532,529,26,1.00,0.00,NULL,NULL,1760.00,1760.00),(533,530,41,1.00,0.00,NULL,NULL,1400.00,1400.00),(534,531,35,1.00,0.00,NULL,NULL,4010.00,4010.00),(535,532,34,1.00,0.00,NULL,NULL,13170.00,13170.00),(536,533,27,1.00,0.00,NULL,NULL,1840.00,1840.00),(537,534,85,1.00,0.00,NULL,NULL,5016.00,5016.00),(538,535,56,1.00,0.00,NULL,NULL,18440.00,18440.00),(539,536,62,1.00,0.00,NULL,NULL,18440.00,18440.00),(540,537,42,1.00,0.00,NULL,NULL,300.00,300.00),(541,538,34,1.00,0.00,NULL,NULL,900.00,900.00),(542,539,10,1.00,0.00,NULL,NULL,3200.00,3200.00),(543,540,40,1.00,0.00,NULL,NULL,500.00,500.00),(544,541,56,1.00,0.00,NULL,NULL,460.00,460.00),(545,542,35,1.00,0.00,NULL,NULL,220.00,220.00),(546,543,83,1.00,0.00,NULL,NULL,2470.00,2470.00),(547,544,82,1.00,0.00,NULL,NULL,3500.00,3500.00),(548,545,62,1.00,0.00,NULL,NULL,380.00,380.00),(549,546,30,1.00,0.00,NULL,NULL,100461.00,100461.00),(550,547,38,1.00,0.00,NULL,NULL,39622.00,39622.00),(551,548,38,1.00,0.00,NULL,NULL,22525.00,22525.00),(552,549,84,1.00,0.00,NULL,NULL,88360.00,88360.00),(553,550,40,1.00,0.00,NULL,NULL,2595.00,2595.00),(554,551,30,1.00,0.00,NULL,NULL,8600.00,8600.00),(555,552,29,1.00,0.00,NULL,NULL,1600.00,1600.00),(556,553,83,1.00,0.00,NULL,NULL,5000.00,5000.00),(557,554,62,1.00,0.00,NULL,NULL,3000.00,3000.00),(558,555,56,1.00,0.00,NULL,NULL,3000.00,3000.00),(559,556,25,1.00,0.00,NULL,NULL,162333.00,162333.00),(560,557,24,1.00,0.00,NULL,NULL,83000.00,83000.00),(561,558,73,1.00,0.00,NULL,NULL,3000.00,3000.00),(562,559,34,1.00,0.00,NULL,NULL,22000.00,22000.00),(563,560,30,1.00,0.00,NULL,NULL,16400.00,16400.00),(564,561,38,1.00,0.00,NULL,NULL,29350.00,29350.00),(565,562,84,1.00,0.00,NULL,NULL,62050.00,62050.00),(566,563,81,1.00,0.00,NULL,NULL,57420.00,57420.00),(567,564,86,1.00,0.00,NULL,NULL,25800.00,25800.00),(568,565,83,1.00,0.00,NULL,NULL,3600.00,3600.00),(569,566,56,1.00,0.00,NULL,NULL,2400.00,2400.00),(570,567,56,1.00,0.00,NULL,NULL,9860.00,9860.00),(571,568,62,1.00,0.00,NULL,NULL,330.00,330.00),(572,569,56,1.00,0.00,NULL,NULL,1150.00,1150.00),(573,570,10,1.00,0.00,NULL,NULL,350.00,350.00),(574,571,39,1.00,0.00,NULL,NULL,750.00,750.00),(575,572,82,1.00,0.00,NULL,NULL,3600.00,3600.00),(576,573,82,1.00,0.00,NULL,NULL,5900.00,5900.00),(577,574,83,1.00,0.00,NULL,NULL,7200.00,7200.00),(578,575,42,1.00,0.00,NULL,NULL,380.00,380.00),(579,576,35,1.00,0.00,NULL,NULL,1000.00,1000.00),(580,577,74,1.00,0.00,NULL,NULL,630.00,630.00),(581,578,62,1.00,0.00,NULL,NULL,500.00,500.00),(582,579,35,1.00,0.00,NULL,NULL,230.00,230.00),(583,580,82,1.00,0.00,NULL,NULL,6000.00,6000.00),(584,581,71,1.00,0.00,NULL,NULL,2250.00,2250.00),(585,582,62,1.00,0.00,NULL,NULL,6500.00,6500.00),(586,583,34,1.00,0.00,NULL,NULL,5600.00,5600.00),(587,584,40,1.00,0.00,NULL,NULL,1000.00,1000.00),(588,585,56,1.00,0.00,NULL,NULL,1120.00,1120.00),(589,586,82,1.00,0.00,NULL,NULL,5500.00,5500.00),(590,587,62,1.00,0.00,NULL,NULL,5180.00,5180.00),(591,588,34,1.00,0.00,NULL,NULL,1960.00,1960.00),(592,589,80,1.00,0.00,NULL,NULL,600.00,600.00),(593,590,34,1.00,0.00,NULL,NULL,700.00,700.00),(594,591,38,1.00,0.00,NULL,NULL,10000.00,10000.00),(595,592,62,1.00,0.00,NULL,NULL,250.00,250.00),(596,593,56,1.00,0.00,NULL,NULL,640.00,640.00),(597,594,10,1.00,0.00,NULL,NULL,12590.00,12590.00),(598,595,10,1.00,0.00,NULL,NULL,500.00,500.00),(599,596,82,1.00,0.00,NULL,NULL,3600.00,3600.00),(600,597,71,1.00,0.00,NULL,NULL,5000.00,5000.00),(601,598,82,1.00,0.00,NULL,NULL,3350.00,3350.00),(602,599,83,1.00,0.00,NULL,NULL,9890.00,9890.00),(603,600,72,1.00,0.00,NULL,NULL,10000.00,10000.00),(604,601,74,1.00,0.00,NULL,NULL,10000.00,10000.00),(605,602,32,1.00,0.00,NULL,NULL,10000.00,10000.00),(606,603,34,1.00,0.00,NULL,NULL,10000.00,10000.00),(607,604,10,1.00,0.00,NULL,NULL,575.00,575.00),(608,605,40,1.00,0.00,NULL,NULL,500.00,500.00),(609,606,10,1.00,0.00,NULL,NULL,680.00,680.00),(610,607,32,1.00,0.00,NULL,NULL,500.00,500.00),(611,608,72,1.00,0.00,NULL,NULL,180.00,180.00),(612,609,24,1.00,0.00,NULL,NULL,28000.00,28000.00),(613,610,46,1.00,0.00,NULL,NULL,79000.00,79000.00),(614,611,82,1.00,0.00,NULL,NULL,59000.00,59000.00),(615,612,39,1.00,0.00,NULL,NULL,89710.00,89710.00),(616,613,33,1.00,0.00,NULL,NULL,15630.00,15630.00),(617,614,32,1.00,0.00,NULL,NULL,23442.00,23442.00),(618,615,83,1.00,0.00,NULL,NULL,9000.00,9000.00),(619,616,74,1.00,0.00,NULL,NULL,2300.00,2300.00),(620,617,74,1.00,0.00,NULL,NULL,750.00,750.00),(621,618,10,1.00,0.00,NULL,NULL,1300.00,1300.00),(622,619,56,1.00,0.00,NULL,NULL,5000.00,5000.00),(623,620,56,1.00,0.00,NULL,NULL,940.00,940.00),(624,621,62,1.00,0.00,NULL,NULL,2520.00,2520.00),(625,622,10,1.00,0.00,NULL,NULL,1630.00,1630.00),(626,623,34,1.00,0.00,NULL,NULL,500.00,500.00),(627,624,32,1.00,0.00,NULL,NULL,11450.00,11450.00),(628,625,26,1.00,0.00,NULL,NULL,8950.00,8950.00),(629,626,26,1.00,0.00,NULL,NULL,600.00,600.00),(630,627,33,1.00,0.00,NULL,NULL,23370.00,23370.00),(631,628,26,1.00,0.00,NULL,NULL,9300.00,9300.00),(632,629,32,1.00,0.00,NULL,NULL,32740.00,32740.00),(633,630,32,1.00,0.00,NULL,NULL,72740.00,72740.00),(634,631,28,1.00,0.00,NULL,NULL,500.00,500.00),(635,632,82,1.00,0.00,NULL,NULL,2900.00,2900.00),(636,633,74,1.00,0.00,NULL,NULL,2900.00,2900.00),(637,634,74,1.00,0.00,NULL,NULL,4000.00,4000.00),(638,635,10,1.00,0.00,NULL,NULL,1650.00,1650.00),(639,636,72,1.00,0.00,NULL,NULL,2250.00,2250.00),(640,637,39,1.00,0.00,NULL,NULL,600.00,600.00),(641,638,83,1.00,0.00,NULL,NULL,300.00,300.00),(642,639,83,1.00,0.00,NULL,NULL,13200.00,13200.00),(643,640,83,1.00,0.00,NULL,NULL,150.00,150.00),(644,641,3,1.00,0.00,NULL,NULL,1600.00,1600.00),(645,642,40,1.00,0.00,NULL,NULL,1000.00,1000.00),(646,643,83,1.00,0.00,NULL,NULL,2000.00,2000.00),(647,644,64,1.00,0.00,NULL,NULL,10680.00,10680.00),(648,645,30,1.00,0.00,NULL,NULL,77350.00,77350.00),(649,646,38,1.00,0.00,NULL,NULL,72602.00,72602.00),(650,647,40,1.00,0.00,NULL,NULL,690.00,690.00),(651,648,84,1.00,0.00,NULL,NULL,118680.00,118680.00),(652,649,38,1.00,0.00,NULL,NULL,13800.00,13800.00),(653,650,10,1.00,0.00,NULL,NULL,3458.00,3458.00),(654,651,10,1.00,0.00,NULL,NULL,1650.00,1650.00),(655,652,56,1.00,0.00,NULL,NULL,36670.00,36670.00),(656,653,62,1.00,0.00,NULL,NULL,36670.00,36670.00),(657,654,28,1.00,0.00,NULL,NULL,500.00,500.00),(658,655,32,1.00,0.00,NULL,NULL,500.00,500.00),(659,656,74,1.00,0.00,NULL,NULL,500.00,500.00),(660,657,29,1.00,0.00,NULL,NULL,4050.00,4050.00),(661,658,30,1.00,0.00,NULL,NULL,8000.00,8000.00),(662,659,62,1.00,0.00,NULL,NULL,180.00,180.00),(663,660,35,1.00,0.00,NULL,NULL,700.00,700.00),(664,661,10,1.00,0.00,NULL,NULL,1700.00,1700.00),(665,662,31,1.00,0.00,NULL,NULL,10500.00,10500.00),(666,663,82,1.00,0.00,NULL,NULL,21500.00,21500.00),(667,664,56,1.00,0.00,NULL,NULL,4000.00,4000.00),(668,665,10,1.00,0.00,NULL,NULL,500.00,500.00),(669,666,56,1.00,0.00,NULL,NULL,750.00,750.00),(670,667,10,1.00,0.00,NULL,NULL,340.00,340.00),(671,668,31,1.00,0.00,NULL,NULL,11400.00,11400.00),(672,669,83,1.00,0.00,NULL,NULL,11700.00,11700.00),(673,670,39,1.00,0.00,NULL,NULL,500.00,500.00),(674,671,82,1.00,0.00,NULL,NULL,2100.00,2100.00),(675,672,33,1.00,0.00,NULL,NULL,340.00,340.00),(676,673,42,1.00,0.00,NULL,NULL,2100.00,2100.00),(677,674,72,1.00,0.00,NULL,NULL,800.00,800.00),(678,675,56,1.00,0.00,NULL,NULL,750.00,750.00),(679,676,74,1.00,0.00,NULL,NULL,360.00,360.00),(680,677,40,1.00,0.00,NULL,NULL,290.00,290.00),(681,678,62,1.00,0.00,NULL,NULL,1400.00,1400.00),(682,679,71,1.00,0.00,NULL,NULL,2000.00,2000.00),(683,680,34,1.00,0.00,NULL,NULL,430.00,430.00),(684,681,56,1.00,0.00,NULL,NULL,26400.00,26400.00),(685,682,71,1.00,0.00,NULL,NULL,400.00,400.00),(686,683,10,1.00,0.00,NULL,NULL,500.00,500.00),(687,684,73,1.00,0.00,NULL,NULL,7200.00,7200.00),(688,685,62,1.00,0.00,NULL,NULL,700.00,700.00),(689,686,34,1.00,0.00,NULL,NULL,200.00,200.00),(690,687,35,1.00,0.00,NULL,NULL,700.00,700.00),(691,688,31,1.00,0.00,NULL,NULL,500.00,500.00),(692,689,82,1.00,0.00,NULL,NULL,10890.00,10890.00),(693,690,83,1.00,0.00,NULL,NULL,10890.00,10890.00),(694,691,38,1.00,0.00,NULL,NULL,73327.00,73327.00),(695,692,24,1.00,0.00,NULL,NULL,8000.00,8000.00),(696,693,46,1.00,0.00,NULL,NULL,74000.00,74000.00),(697,694,38,1.00,0.00,NULL,NULL,19250.00,19250.00),(698,695,30,1.00,0.00,NULL,NULL,105526.00,105526.00),(699,696,84,1.00,0.00,NULL,NULL,85525.00,85525.00),(700,697,29,1.00,0.00,NULL,NULL,2800.00,2800.00),(701,698,30,1.00,0.00,NULL,NULL,8350.00,8350.00),(702,699,10,1.00,0.00,NULL,NULL,2253.00,2253.00),(703,700,40,1.00,0.00,NULL,NULL,2880.00,2880.00),(704,701,62,1.00,0.00,NULL,NULL,580.00,580.00),(705,702,28,1.00,0.00,NULL,NULL,500.00,500.00),(706,703,72,1.00,0.00,NULL,NULL,1700.00,1700.00),(707,704,75,1.00,0.00,NULL,NULL,104256.00,104256.00),(708,705,42,1.00,0.00,NULL,NULL,950.00,950.00),(711,708,26,1.00,0.00,NULL,NULL,600.00,600.00),(712,709,72,1.00,0.00,NULL,NULL,10330.00,10330.00),(713,710,72,1.00,0.00,NULL,NULL,1600.00,1600.00),(714,711,33,1.00,0.00,NULL,NULL,18990.00,18990.00),(715,712,62,1.00,0.00,NULL,NULL,15690.00,15690.00),(716,713,74,1.00,0.00,NULL,NULL,1510.00,1510.00),(717,714,34,1.00,0.00,NULL,NULL,21030.00,21030.00),(718,715,34,1.00,0.00,NULL,NULL,9850.00,9850.00),(720,717,42,1.00,0.00,NULL,NULL,2000.00,2000.00),(721,718,42,1.00,0.00,NULL,NULL,550.00,550.00),(722,719,72,1.00,0.00,NULL,NULL,7630.00,7630.00),(723,720,72,1.00,0.00,NULL,NULL,65907.00,65907.00),(724,721,56,1.00,0.00,NULL,NULL,2960.00,2960.00),(725,722,35,1.00,0.00,NULL,NULL,3480.00,3480.00),(726,723,85,1.00,0.00,NULL,NULL,5550.00,5550.00),(727,724,42,1.00,0.00,NULL,NULL,4300.00,4300.00),(728,725,74,1.00,0.00,NULL,NULL,8400.00,8400.00),(729,726,74,1.00,0.00,NULL,NULL,3670.00,3670.00),(730,727,26,1.00,0.00,NULL,NULL,3750.00,3750.00),(731,728,85,1.00,0.00,NULL,NULL,4200.00,4200.00),(732,729,62,1.00,0.00,NULL,NULL,6740.00,6740.00),(733,730,32,1.00,0.00,NULL,NULL,500.00,500.00),(734,731,25,1.00,0.00,NULL,NULL,127340.00,127340.00),(735,732,62,1.00,0.00,NULL,NULL,35282.00,35282.00),(736,733,56,1.00,0.00,NULL,NULL,35178.00,35178.00),(737,734,56,1.00,0.00,NULL,NULL,38977.00,38977.00),(738,735,62,1.00,0.00,NULL,NULL,38978.00,38978.00),(739,736,28,1.00,0.00,NULL,NULL,500.00,500.00),(740,737,38,1.00,0.00,NULL,NULL,500.00,500.00),(741,738,83,1.00,0.00,NULL,NULL,2100.00,2100.00),(742,739,32,1.00,0.00,NULL,NULL,8000.00,8000.00),(743,740,31,1.00,0.00,NULL,NULL,12750.00,12750.00),(744,741,10,1.00,0.00,NULL,NULL,4680.00,4680.00),(745,742,56,1.00,0.00,NULL,NULL,18300.00,18300.00),(746,743,62,1.00,0.00,NULL,NULL,18300.00,18300.00),(747,744,26,1.00,0.00,NULL,NULL,130.00,130.00),(748,745,72,1.00,0.00,NULL,NULL,810.00,810.00),(749,746,34,1.00,0.00,NULL,NULL,400.00,400.00),(750,747,29,1.00,0.00,NULL,NULL,2700.00,2700.00),(751,748,30,1.00,0.00,NULL,NULL,7950.00,7950.00),(752,749,10,1.00,0.00,NULL,NULL,4050.00,4050.00),(753,750,62,1.00,0.00,NULL,NULL,2150.00,2150.00),(754,751,56,1.00,0.00,NULL,NULL,4090.00,4090.00),(755,752,10,1.00,0.00,NULL,NULL,3460.00,3460.00),(756,753,30,1.00,0.00,NULL,NULL,126968.00,126968.00),(757,754,38,1.00,0.00,NULL,NULL,55626.00,55626.00),(758,755,38,1.00,0.00,NULL,NULL,12950.00,12950.00),(759,756,84,1.00,0.00,NULL,NULL,74651.00,74651.00),(760,757,37,1.00,0.00,NULL,NULL,4870.00,4870.00),(761,758,35,1.00,0.00,NULL,NULL,200.00,200.00),(762,759,10,1.00,0.00,NULL,NULL,200.00,200.00),(763,760,35,1.00,0.00,NULL,NULL,14396.00,14396.00),(764,761,56,1.00,0.00,NULL,NULL,660.00,660.00),(765,762,32,1.00,0.00,NULL,NULL,4000.00,4000.00),(766,763,35,1.00,0.00,NULL,NULL,1400.00,1400.00),(767,764,62,1.00,0.00,NULL,NULL,1200.00,1200.00),(768,765,30,1.00,0.00,NULL,NULL,14300.00,14300.00),(769,766,39,1.00,0.00,NULL,NULL,600.00,600.00),(770,767,84,1.00,0.00,NULL,NULL,70791.00,70791.00),(771,768,30,1.00,0.00,NULL,NULL,110135.00,110135.00),(772,769,38,1.00,0.00,NULL,NULL,14300.00,14300.00),(773,770,38,1.00,0.00,NULL,NULL,51186.00,51186.00),(774,771,40,1.00,0.00,NULL,NULL,1580.00,1580.00),(775,772,29,1.00,0.00,NULL,NULL,3600.00,3600.00),(776,773,34,1.00,0.00,NULL,NULL,2860.00,2860.00),(777,774,73,1.00,0.00,NULL,NULL,300.00,300.00),(778,775,31,1.00,0.00,NULL,NULL,18500.00,18500.00),(779,776,32,1.00,0.00,NULL,NULL,8800.00,8800.00),(780,777,56,1.00,0.00,NULL,NULL,2950.00,2950.00),(781,778,31,1.00,0.00,NULL,NULL,1140.00,1140.00),(782,779,33,1.00,0.00,NULL,NULL,2200.00,2200.00),(783,780,82,1.00,0.00,NULL,NULL,5500.00,5500.00),(784,781,35,1.00,0.00,NULL,NULL,6000.00,6000.00),(785,782,28,1.00,0.00,NULL,NULL,1000.00,1000.00),(786,783,10,1.00,0.00,NULL,NULL,200.00,200.00),(787,784,10,1.00,0.00,NULL,NULL,400.00,400.00),(788,785,56,1.00,0.00,NULL,NULL,37500.00,37500.00),(789,786,62,1.00,0.00,NULL,NULL,37500.00,37500.00),(790,787,83,1.00,0.00,NULL,NULL,2840.00,2840.00),(791,788,34,1.00,0.00,NULL,NULL,13200.00,13200.00),(792,789,42,1.00,0.00,NULL,NULL,300.00,300.00),(793,790,35,1.00,0.00,NULL,NULL,1465.00,1465.00),(794,791,40,1.00,0.00,NULL,NULL,1000.00,1000.00),(795,792,82,1.00,0.00,NULL,NULL,3600.00,3600.00),(796,793,73,1.00,0.00,NULL,NULL,800.00,800.00),(797,794,28,1.00,0.00,NULL,NULL,500.00,500.00),(798,795,83,1.00,0.00,NULL,NULL,20000.00,20000.00),(799,796,40,1.00,0.00,NULL,NULL,1600.00,1600.00),(800,797,10,1.00,0.00,NULL,NULL,150.00,150.00),(801,798,24,1.00,0.00,NULL,NULL,93000.00,93000.00),(803,800,46,1.00,0.00,NULL,NULL,114000.00,114000.00),(804,801,39,1.00,0.00,NULL,NULL,150.00,150.00),(806,803,87,1.00,0.00,NULL,NULL,30000.00,30000.00),(807,804,71,1.00,0.00,NULL,NULL,13000.00,13000.00),(808,805,73,1.00,0.00,NULL,NULL,13000.00,13000.00),(809,806,72,1.00,0.00,NULL,NULL,10000.00,10000.00),(810,807,74,1.00,0.00,NULL,NULL,10000.00,10000.00),(812,809,32,1.00,0.00,NULL,NULL,10000.00,10000.00),(813,810,32,1.00,0.00,NULL,NULL,10000.00,10000.00),(814,811,62,1.00,0.00,NULL,NULL,39975.00,39975.00),(816,813,56,1.00,0.00,NULL,NULL,39975.00,39975.00),(817,814,28,1.00,0.00,NULL,NULL,600.00,600.00),(819,816,39,1.00,0.00,NULL,NULL,600.00,600.00),(820,817,35,1.00,0.00,NULL,NULL,4000.00,4000.00),(821,818,40,1.00,0.00,NULL,NULL,1000.00,1000.00),(822,819,35,1.00,0.00,NULL,NULL,420.00,420.00),(823,820,30,1.00,0.00,NULL,NULL,121715.00,121715.00),(824,821,38,1.00,0.00,NULL,NULL,12900.00,12900.00),(825,822,84,1.00,0.00,NULL,NULL,87037.00,87037.00),(826,823,38,1.00,0.00,NULL,NULL,79079.00,79079.00),(827,824,40,1.00,0.00,NULL,NULL,3450.00,3450.00),(828,825,29,1.00,0.00,NULL,NULL,2800.00,2800.00),(829,826,56,1.00,0.00,NULL,NULL,1350.00,1350.00),(830,827,26,1.00,0.00,NULL,NULL,1000.00,1000.00),(831,828,30,1.00,0.00,NULL,NULL,18300.00,18300.00),(832,829,74,1.00,0.00,NULL,NULL,1100.00,1100.00),(833,830,35,1.00,0.00,NULL,NULL,18000.00,18000.00),(834,831,42,1.00,0.00,NULL,NULL,39840.00,39840.00),(835,832,10,1.00,0.00,NULL,NULL,1100.00,1100.00),(836,833,35,1.00,0.00,NULL,NULL,990.00,990.00),(837,834,10,1.00,0.00,NULL,NULL,1200.00,1200.00),(838,835,33,1.00,0.00,NULL,NULL,330.00,330.00),(839,836,28,1.00,0.00,NULL,NULL,300.00,300.00),(840,837,33,1.00,0.00,NULL,NULL,17400.00,17400.00),(841,838,56,1.00,0.00,NULL,NULL,2760.00,2760.00),(842,839,32,1.00,0.00,NULL,NULL,15300.00,15300.00),(843,840,3,1.00,0.00,NULL,NULL,3200.00,3200.00),(844,841,33,1.00,0.00,NULL,NULL,18300.00,18300.00),(845,842,32,1.00,0.00,NULL,NULL,16000.00,16000.00),(846,843,32,1.00,0.00,NULL,NULL,81120.00,81120.00),(847,844,32,1.00,0.00,NULL,NULL,24550.00,24550.00),(848,845,32,1.00,0.00,NULL,NULL,10700.00,10700.00),(849,0,33,1.00,0.00,NULL,NULL,330.00,330.00),(850,0,10,1.00,0.00,NULL,NULL,1200.00,1200.00),(851,0,10,1.00,0.00,NULL,NULL,1200.00,1200.00),(852,846,26,1.00,0.00,NULL,NULL,4400.00,4400.00),(853,847,56,1.00,0.00,NULL,NULL,1000.00,1000.00),(855,849,62,1.00,0.00,NULL,NULL,600.00,600.00),(856,850,72,1.00,0.00,NULL,NULL,3500.00,3500.00),(857,851,28,1.00,0.00,NULL,NULL,150.00,150.00),(858,852,35,1.00,0.00,NULL,NULL,600.00,600.00),(859,853,32,1.00,0.00,NULL,NULL,670.00,670.00),(860,854,35,1.00,0.00,NULL,NULL,120.00,120.00),(861,855,62,1.00,0.00,NULL,NULL,890.00,890.00),(862,856,72,1.00,0.00,NULL,NULL,250.00,250.00),(863,857,40,1.00,0.00,NULL,NULL,700.00,700.00),(864,858,35,1.00,0.00,NULL,NULL,2540.00,2540.00),(865,859,31,1.00,0.00,NULL,NULL,3390.00,3390.00),(866,860,32,1.00,0.00,NULL,NULL,23894.00,23894.00),(867,861,56,1.00,0.00,NULL,NULL,450.00,450.00),(868,862,62,1.00,0.00,NULL,NULL,90653.00,90653.00),(869,863,56,1.00,0.00,NULL,NULL,12160.00,12160.00),(870,864,34,1.00,0.00,NULL,NULL,900.00,900.00),(871,865,42,1.00,0.00,NULL,NULL,1290.00,1290.00),(872,866,35,1.00,0.00,NULL,NULL,800.00,800.00),(873,867,40,1.00,0.00,NULL,NULL,700.00,700.00),(874,868,39,1.00,0.00,NULL,NULL,700.00,700.00),(875,869,35,1.00,0.00,NULL,NULL,60000.00,60000.00),(876,870,74,1.00,0.00,NULL,NULL,1320.00,1320.00),(877,871,84,1.00,0.00,NULL,NULL,90026.00,90026.00),(878,872,30,1.00,0.00,NULL,NULL,131266.00,131266.00),(879,873,38,1.00,0.00,NULL,NULL,93280.00,93280.00),(880,874,38,1.00,0.00,NULL,NULL,14750.00,14750.00),(881,875,29,1.00,0.00,NULL,NULL,1371.00,1371.00),(882,876,40,1.00,0.00,NULL,NULL,3640.00,3640.00),(883,877,35,1.00,0.00,NULL,NULL,640.00,640.00),(884,878,62,1.00,0.00,NULL,NULL,250.00,250.00),(885,879,29,1.00,0.00,NULL,NULL,2800.00,2800.00),(886,880,62,1.00,0.00,NULL,NULL,9870.00,9870.00),(887,881,83,1.00,0.00,NULL,NULL,2470.00,2470.00),(888,882,82,1.00,0.00,NULL,NULL,1350.00,1350.00),(889,883,10,1.00,0.00,NULL,NULL,1000.00,1000.00),(890,884,30,1.00,0.00,NULL,NULL,21500.00,21500.00),(891,885,56,1.00,0.00,NULL,NULL,5700.00,5700.00),(892,886,62,1.00,0.00,NULL,NULL,960.00,960.00),(893,887,74,1.00,0.00,NULL,NULL,200.00,200.00),(894,888,34,1.00,0.00,NULL,NULL,210.00,210.00),(895,889,10,1.00,0.00,NULL,NULL,1050.00,1050.00),(896,890,56,1.00,0.00,NULL,NULL,3400.00,3400.00),(897,891,10,1.00,0.00,NULL,NULL,600.00,600.00),(898,892,71,1.00,0.00,NULL,NULL,300.00,300.00),(899,893,34,1.00,0.00,NULL,NULL,240.00,240.00),(900,894,35,1.00,0.00,NULL,NULL,780.00,780.00),(901,895,10,1.00,0.00,NULL,NULL,1250.00,1250.00),(902,896,32,1.00,0.00,NULL,NULL,2600.00,2600.00),(903,897,39,1.00,0.00,NULL,NULL,600.00,600.00),(904,898,34,1.00,0.00,NULL,NULL,3049.00,3049.00),(905,899,35,1.00,0.00,NULL,NULL,28308.00,28308.00),(906,900,72,1.00,0.00,NULL,NULL,960.00,960.00),(907,901,40,1.00,0.00,NULL,NULL,1200.00,1200.00),(908,902,62,1.00,0.00,NULL,NULL,620.00,620.00),(909,903,35,1.00,0.00,NULL,NULL,150.00,150.00),(910,904,82,1.00,0.00,NULL,NULL,1000.00,1000.00),(911,905,35,1.00,0.00,NULL,NULL,19000.00,19000.00),(912,906,85,1.00,0.00,NULL,NULL,2800.00,2800.00),(913,907,35,1.00,0.00,NULL,NULL,600.00,600.00),(914,908,56,1.00,0.00,NULL,NULL,1610.00,1610.00),(915,909,56,1.00,0.00,NULL,NULL,35200.00,35200.00),(916,910,62,1.00,0.00,NULL,NULL,35200.00,35200.00),(917,911,29,1.00,0.00,NULL,NULL,2800.00,2800.00),(918,912,30,1.00,0.00,NULL,NULL,162456.00,162456.00),(919,913,38,1.00,0.00,NULL,NULL,96466.00,96466.00),(920,914,38,1.00,0.00,NULL,NULL,16100.00,16100.00),(921,915,40,1.00,0.00,NULL,NULL,2860.00,2860.00),(922,916,24,1.00,0.00,NULL,NULL,83000.00,83000.00),(923,917,35,1.00,0.00,NULL,NULL,2500.00,2500.00),(924,918,56,1.00,0.00,NULL,NULL,8225.00,8225.00),(925,919,62,1.00,0.00,NULL,NULL,7625.00,7625.00),(926,920,25,1.00,0.00,NULL,NULL,65000.00,65000.00),(927,921,46,1.00,0.00,NULL,NULL,89000.00,89000.00),(928,922,30,1.00,0.00,NULL,NULL,18800.00,18800.00),(929,923,62,1.00,0.00,NULL,NULL,2200.00,2200.00),(930,924,35,1.00,0.00,NULL,NULL,26400.00,26400.00),(931,925,35,1.00,0.00,NULL,NULL,10699.00,10699.00),(932,926,34,1.00,0.00,NULL,NULL,11000.00,11000.00),(933,927,35,1.00,0.00,NULL,NULL,480.00,480.00),(934,928,35,1.00,0.00,NULL,NULL,280.00,280.00),(935,929,32,1.00,0.00,NULL,NULL,5800.00,5800.00),(936,930,56,1.00,0.00,NULL,NULL,750.00,750.00),(937,931,81,1.00,0.00,NULL,NULL,3100.00,3100.00),(938,932,62,1.00,0.00,NULL,NULL,2050.00,2050.00),(939,933,32,1.00,0.00,NULL,NULL,500.00,500.00),(940,934,10,1.00,0.00,NULL,NULL,4600.00,4600.00),(941,935,56,1.00,0.00,NULL,NULL,2200.00,2200.00),(942,936,42,1.00,0.00,NULL,NULL,1510.00,1510.00),(943,937,35,1.00,0.00,NULL,NULL,12730.00,12730.00),(944,938,42,1.00,0.00,NULL,NULL,8630.00,8630.00),(945,939,42,1.00,0.00,NULL,NULL,450.00,450.00),(946,0,35,1.00,0.00,NULL,NULL,8630.00,8630.00),(947,940,35,1.00,0.00,NULL,NULL,5210.00,5210.00),(948,941,35,1.00,0.00,NULL,NULL,11190.00,11190.00),(949,942,26,1.00,0.00,NULL,NULL,12520.00,12520.00),(950,943,26,1.00,0.00,NULL,NULL,10360.00,10360.00),(951,944,74,1.00,0.00,NULL,NULL,9330.00,9330.00),(952,945,72,1.00,0.00,NULL,NULL,3722.00,3722.00),(953,946,72,1.00,0.00,NULL,NULL,4640.00,4640.00),(954,0,72,1.00,0.00,NULL,NULL,4640.00,4640.00),(955,947,72,1.00,0.00,NULL,NULL,7186.00,7186.00),(956,948,56,1.00,0.00,NULL,NULL,505.00,505.00),(957,949,62,1.00,0.00,NULL,NULL,1940.00,1940.00),(958,950,34,1.00,0.00,NULL,NULL,780.00,780.00),(959,951,10,1.00,0.00,NULL,NULL,5080.00,5080.00),(960,952,88,1.00,0.00,NULL,NULL,62810.00,62810.00),(961,953,84,1.00,0.00,NULL,NULL,42766.00,42766.00),(964,956,30,1.00,0.00,NULL,NULL,138419.00,138419.00),(965,957,38,1.00,0.00,NULL,NULL,99884.00,99884.00),(966,958,38,1.00,0.00,NULL,NULL,11600.00,11600.00),(967,959,37,1.00,0.00,NULL,NULL,3780.00,3780.00),(968,960,10,1.00,0.00,NULL,NULL,2983.00,2983.00),(969,961,32,1.00,0.00,NULL,NULL,580.00,580.00),(970,962,56,1.00,0.00,NULL,NULL,34000.00,34000.00),(971,963,62,1.00,0.00,NULL,NULL,34000.00,34000.00),(972,964,56,1.00,0.00,NULL,NULL,20217.00,20217.00),(973,965,62,1.00,0.00,NULL,NULL,20217.00,20217.00),(974,966,28,1.00,0.00,NULL,NULL,700.00,700.00),(975,967,28,1.00,0.00,NULL,NULL,2549.00,2549.00),(976,968,56,1.00,0.00,NULL,NULL,900.00,900.00),(977,969,30,1.00,0.00,NULL,NULL,10200.00,10200.00),(978,970,10,1.00,0.00,NULL,NULL,9780.00,9780.00),(979,971,29,1.00,0.00,NULL,NULL,3200.00,3200.00),(980,972,62,1.00,0.00,NULL,NULL,585.00,585.00),(981,973,35,1.00,0.00,NULL,NULL,450.00,450.00),(982,974,39,1.00,0.00,NULL,NULL,1180.00,1180.00),(983,975,32,1.00,0.00,NULL,NULL,90.00,90.00),(984,976,56,1.00,0.00,NULL,NULL,550.00,550.00),(985,977,10,1.00,0.00,NULL,NULL,550.00,550.00),(986,978,39,1.00,0.00,NULL,NULL,1850.00,1850.00),(987,979,28,1.00,0.00,NULL,NULL,750.00,750.00),(988,980,34,1.00,0.00,NULL,NULL,80.00,80.00),(989,981,62,1.00,0.00,NULL,NULL,1070.00,1070.00),(990,982,39,1.00,0.00,NULL,NULL,3840.00,3840.00),(991,983,35,1.00,0.00,NULL,NULL,240.00,240.00),(992,984,34,1.00,0.00,NULL,NULL,2250.00,2250.00),(993,985,32,1.00,0.00,NULL,NULL,5850.00,5850.00),(994,986,10,1.00,0.00,NULL,NULL,14550.00,14550.00),(995,987,3,1.00,0.00,NULL,NULL,4350.00,4350.00),(996,988,62,1.00,0.00,NULL,NULL,4678.00,4678.00),(997,989,10,1.00,0.00,NULL,NULL,14350.00,14350.00),(998,990,71,1.00,0.00,NULL,NULL,1340.00,1340.00),(999,991,82,1.00,0.00,NULL,NULL,3600.00,3600.00),(1000,992,39,1.00,0.00,NULL,NULL,2800.00,2800.00),(1001,993,82,1.00,0.00,NULL,NULL,3600.00,3600.00),(1002,994,56,1.00,0.00,NULL,NULL,4040.00,4040.00),(1003,995,56,1.00,0.00,NULL,NULL,2006.00,2006.00),(1004,996,28,1.00,0.00,NULL,NULL,1800.00,1800.00),(1005,997,73,1.00,0.00,NULL,NULL,410.00,410.00),(1006,998,34,1.00,0.00,NULL,NULL,1640.00,1640.00),(1007,999,34,1.00,0.00,NULL,NULL,300.00,300.00),(1008,1000,30,1.00,0.00,NULL,NULL,145779.00,145779.00),(1009,1001,38,1.00,0.00,NULL,NULL,90598.00,90598.00),(1010,1002,38,1.00,0.00,NULL,NULL,16100.00,16100.00),(1011,1003,84,1.00,0.00,NULL,NULL,44003.00,44003.00),(1012,1004,37,1.00,0.00,NULL,NULL,3970.00,3970.00),(1013,1005,40,1.00,0.00,NULL,NULL,800.00,800.00),(1014,1006,28,1.00,0.00,NULL,NULL,1050.00,1050.00),(1015,1007,29,1.00,0.00,NULL,NULL,2400.00,2400.00),(1016,1008,56,1.00,0.00,NULL,NULL,480.00,480.00),(1017,1009,10,1.00,0.00,NULL,NULL,800.00,800.00),(1018,1010,32,1.00,0.00,NULL,NULL,350.00,350.00),(1019,1011,88,1.00,0.00,NULL,NULL,45250.00,45250.00),(1020,1012,89,1.00,0.00,NULL,NULL,13000.00,13000.00),(1021,1013,90,1.00,0.00,NULL,NULL,13000.00,13000.00),(1022,1014,72,1.00,0.00,NULL,NULL,10000.00,10000.00),(1023,1015,74,1.00,0.00,NULL,NULL,10000.00,10000.00),(1025,1017,32,1.00,0.00,NULL,NULL,10000.00,10000.00),(1026,1018,34,1.00,0.00,NULL,NULL,10000.00,10000.00),(1027,1019,82,1.00,0.00,NULL,NULL,16418.00,16418.00),(1028,1020,83,1.00,0.00,NULL,NULL,16418.00,16418.00),(1029,1021,30,1.00,0.00,NULL,NULL,8400.00,8400.00),(1030,1022,10,1.00,0.00,NULL,NULL,1780.00,1780.00),(1031,1023,62,1.00,0.00,NULL,NULL,620.00,620.00),(1032,1024,82,1.00,0.00,NULL,NULL,2500.00,2500.00),(1033,1025,56,1.00,0.00,NULL,NULL,3680.00,3680.00),(1034,1026,10,1.00,0.00,NULL,NULL,1000.00,1000.00),(1035,1027,10,1.00,0.00,NULL,NULL,800.00,800.00),(1036,1028,56,1.00,0.00,NULL,NULL,25000.00,25000.00),(1037,1029,62,1.00,0.00,NULL,NULL,25000.00,25000.00),(1038,1030,10,1.00,0.00,NULL,NULL,1550.00,1550.00),(1039,1031,62,1.00,0.00,NULL,NULL,770.00,770.00),(1040,1032,32,1.00,0.00,NULL,NULL,16000.00,16000.00),(1041,1033,26,1.00,0.00,NULL,NULL,12675.00,12675.00),(1042,1034,32,1.00,0.00,NULL,NULL,11800.00,11800.00),(1043,1035,32,1.00,0.00,NULL,NULL,23840.00,23840.00),(1044,1036,32,1.00,0.00,NULL,NULL,70200.00,70200.00),(1045,1037,82,1.00,0.00,NULL,NULL,13500.00,13500.00),(1046,1038,31,1.00,0.00,NULL,NULL,350.00,350.00),(1047,1039,26,1.00,0.00,NULL,NULL,2600.00,2600.00),(1048,1040,63,1.00,0.00,NULL,NULL,26260.00,26260.00),(1049,1041,33,1.00,0.00,NULL,NULL,140.00,140.00),(1050,1042,62,1.00,0.00,NULL,NULL,1940.00,1940.00),(1051,1043,63,1.00,0.00,NULL,NULL,10420.00,10420.00),(1052,1044,62,1.00,0.00,NULL,NULL,2820.00,2820.00),(1054,0,28,1.00,0.00,NULL,NULL,500.00,500.00),(1055,0,28,1.00,0.00,NULL,NULL,500.00,500.00),(1056,1046,39,1.00,0.00,NULL,NULL,300.00,300.00),(1057,1047,28,1.00,0.00,NULL,NULL,500.00,500.00),(1058,1048,32,1.00,0.00,NULL,NULL,390.00,390.00),(1059,1049,28,1.00,0.00,NULL,NULL,1000.00,1000.00),(1060,1050,56,1.00,0.00,NULL,NULL,47472.00,47472.00),(1061,1051,62,1.00,0.00,NULL,NULL,47472.00,47472.00),(1062,1052,62,1.00,0.00,NULL,NULL,24823.00,24823.00),(1063,1053,56,1.00,0.00,NULL,NULL,23075.00,23075.00),(1064,1054,34,1.00,0.00,NULL,NULL,18600.00,18600.00),(1065,1055,35,1.00,0.00,NULL,NULL,400.00,400.00),(1066,1056,10,1.00,0.00,NULL,NULL,300.00,300.00),(1067,1057,56,1.00,0.00,NULL,NULL,69000.00,69000.00),(1068,1058,62,1.00,0.00,NULL,NULL,69000.00,69000.00),(1069,1059,40,1.00,0.00,NULL,NULL,700.00,700.00),(1070,1060,29,1.00,0.00,NULL,NULL,2800.00,2800.00),(1071,1061,31,1.00,0.00,NULL,NULL,340.00,340.00),(1072,1062,28,1.00,0.00,NULL,NULL,600.00,600.00),(1073,1063,30,1.00,0.00,NULL,NULL,153141.00,153141.00),(1074,1064,38,1.00,0.00,NULL,NULL,103173.00,103173.00),(1075,1065,38,1.00,0.00,NULL,NULL,17900.00,17900.00),(1076,1066,37,1.00,0.00,NULL,NULL,3950.00,3950.00),(1077,1067,37,1.00,0.00,NULL,NULL,6360.00,6360.00),(1078,1068,71,1.00,0.00,NULL,NULL,15000.00,15000.00),(1079,1069,35,1.00,0.00,NULL,NULL,320.00,320.00),(1080,1070,62,1.00,0.00,NULL,NULL,850.00,850.00),(1081,1071,72,1.00,0.00,NULL,NULL,2610.00,2610.00),(1082,1072,26,1.00,0.00,NULL,NULL,440.00,440.00),(1083,1073,40,1.00,0.00,NULL,NULL,500.00,500.00),(1084,1074,32,1.00,0.00,NULL,NULL,980.00,980.00),(1085,1075,33,1.00,0.00,NULL,NULL,39500.00,39500.00),(1086,1076,35,1.00,0.00,NULL,NULL,370.00,370.00),(1087,1077,26,1.00,0.00,NULL,NULL,9700.00,9700.00),(1088,1078,32,1.00,0.00,NULL,NULL,170.00,170.00),(1089,1079,26,1.00,0.00,NULL,NULL,3350.00,3350.00),(1090,1080,56,1.00,0.00,NULL,NULL,1810.00,1810.00),(1091,1081,28,1.00,0.00,NULL,NULL,600.00,600.00),(1092,1082,82,1.00,0.00,NULL,NULL,6000.00,6000.00),(1093,1083,35,1.00,0.00,NULL,NULL,2500.00,2500.00),(1094,1084,35,1.00,0.00,NULL,NULL,280.00,280.00),(1095,1085,62,1.00,0.00,NULL,NULL,2000.00,2000.00),(1096,1086,56,1.00,0.00,NULL,NULL,2300.00,2300.00),(1097,1087,56,1.00,0.00,NULL,NULL,11000.00,11000.00),(1098,1088,28,1.00,0.00,NULL,NULL,350.00,350.00),(1099,1089,33,1.00,0.00,NULL,NULL,3110.00,3110.00),(1100,1090,62,1.00,0.00,NULL,NULL,2000.00,2000.00),(1101,1091,82,1.00,0.00,NULL,NULL,30000.00,30000.00),(1102,1092,35,1.00,0.00,NULL,NULL,20000.00,20000.00),(1103,1093,30,1.00,0.00,NULL,NULL,171263.00,171263.00),(1104,1094,38,1.00,0.00,NULL,NULL,96672.00,96672.00),(1105,1095,38,1.00,0.00,NULL,NULL,7000.00,7000.00),(1106,1096,37,1.00,0.00,NULL,NULL,3900.00,3900.00),(1107,1097,10,1.00,0.00,NULL,NULL,3500.00,3500.00),(1108,1098,33,1.00,0.00,NULL,NULL,17000.00,17000.00),(1109,1099,10,1.00,0.00,NULL,NULL,1150.00,1150.00),(1110,1100,40,1.00,0.00,NULL,NULL,500.00,500.00),(1111,1101,35,1.00,0.00,NULL,NULL,200.00,200.00),(1113,1103,29,1.00,0.00,NULL,NULL,2800.00,2800.00),(1114,0,10,1.00,0.00,NULL,NULL,150.00,150.00),(1115,0,10,1.00,0.00,NULL,NULL,150.00,150.00),(1116,1104,10,1.00,0.00,NULL,NULL,150.00,150.00),(1117,1105,28,1.00,0.00,NULL,NULL,400.00,400.00),(1118,1106,40,1.00,0.00,NULL,NULL,660.00,660.00),(1119,1107,39,1.00,0.00,NULL,NULL,35620.00,35620.00),(1120,1108,62,1.00,0.00,NULL,NULL,720.00,720.00),(1121,1109,3,1.00,0.00,NULL,NULL,4500.00,4500.00),(1122,1110,35,1.00,0.00,NULL,NULL,16520.00,16520.00),(1123,1111,27,1.00,0.00,NULL,NULL,1180.00,1180.00),(1124,1112,72,1.00,0.00,NULL,NULL,11630.00,11630.00),(1125,1113,74,1.00,0.00,NULL,NULL,3770.00,3770.00),(1126,1114,41,1.00,0.00,NULL,NULL,1750.00,1750.00),(1127,1115,41,1.00,0.00,NULL,NULL,1650.00,1650.00),(1128,1116,74,1.00,0.00,NULL,NULL,11360.00,11360.00),(1129,1117,74,1.00,0.00,NULL,NULL,7430.00,7430.00),(1130,1118,74,1.00,0.00,NULL,NULL,9784.00,9784.00),(1132,1120,42,1.00,0.00,NULL,NULL,590.00,590.00),(1133,0,74,1.00,0.00,NULL,NULL,6770.00,6770.00),(1134,0,34,1.00,0.00,NULL,NULL,6770.00,6770.00),(1135,1121,34,1.00,0.00,NULL,NULL,6770.00,6770.00),(1136,1122,34,1.00,0.00,NULL,NULL,4750.00,4750.00),(1137,1123,72,1.00,0.00,NULL,NULL,16920.00,16920.00),(1139,1125,26,1.00,0.00,NULL,NULL,1050.00,1050.00),(1140,0,26,1.00,0.00,NULL,NULL,3350.00,3350.00),(1141,1126,26,1.00,0.00,NULL,NULL,3350.00,3350.00),(1142,1127,26,1.00,0.00,NULL,NULL,1840.00,1840.00),(1143,1128,32,1.00,0.00,NULL,NULL,2800.00,2800.00),(1144,1129,26,1.00,0.00,NULL,NULL,4040.00,4040.00),(1145,1130,82,1.00,0.00,NULL,NULL,28100.00,28100.00),(1146,1131,10,1.00,0.00,NULL,NULL,1195.00,1195.00),(1147,1132,10,1.00,0.00,NULL,NULL,500.00,500.00),(1148,1133,31,1.00,0.00,NULL,NULL,15000.00,15000.00),(1149,1134,32,1.00,0.00,NULL,NULL,17000.00,17000.00),(1151,0,83,1.00,0.00,NULL,NULL,3000.00,3000.00),(1152,1136,83,1.00,0.00,NULL,NULL,3000.00,3000.00),(1153,1137,34,1.00,0.00,NULL,NULL,400.00,400.00),(1154,1138,72,1.00,0.00,NULL,NULL,2500.00,2500.00),(1155,1139,35,1.00,0.00,NULL,NULL,13200.00,13200.00),(1156,1140,34,1.00,0.00,NULL,NULL,3410.00,3410.00),(1157,1141,62,1.00,0.00,NULL,NULL,5670.00,5670.00),(1158,1142,62,1.00,0.00,NULL,NULL,250.00,250.00),(1159,1143,26,1.00,0.00,NULL,NULL,460.00,460.00),(1160,1144,32,1.00,0.00,NULL,NULL,380.00,380.00),(1161,1145,91,1.00,0.00,NULL,NULL,1830.00,1830.00),(1162,1146,40,1.00,0.00,NULL,NULL,300.00,300.00),(1163,1147,92,1.00,0.00,NULL,NULL,1885.00,1885.00),(1164,1148,92,1.00,0.00,NULL,NULL,150.00,150.00),(1165,1149,56,1.00,0.00,NULL,NULL,1090.00,1090.00),(1166,1150,56,1.00,0.00,NULL,NULL,720.00,720.00),(1167,1151,73,1.00,0.00,NULL,NULL,1480.00,1480.00),(1168,1152,10,1.00,0.00,NULL,NULL,1650.00,1650.00),(1169,1153,92,1.00,0.00,NULL,NULL,780.00,780.00),(1170,1154,3,1.00,0.00,NULL,NULL,4400.00,4400.00),(1171,1155,10,1.00,0.00,NULL,NULL,700.00,700.00),(1172,1156,32,1.00,0.00,NULL,NULL,1460.00,1460.00),(1173,1157,56,1.00,0.00,NULL,NULL,6000.00,6000.00),(1174,1158,33,1.00,0.00,NULL,NULL,3200.00,3200.00),(1175,1159,33,1.00,0.00,NULL,NULL,410.00,410.00),(1176,1160,62,1.00,0.00,NULL,NULL,680.00,680.00),(1177,1161,28,1.00,0.00,NULL,NULL,700.00,700.00),(1178,1162,81,1.00,0.00,NULL,NULL,1690.00,1690.00),(1179,1163,62,1.00,0.00,NULL,NULL,200.00,200.00),(1180,1164,34,1.00,0.00,NULL,NULL,425.00,425.00),(1181,1165,10,1.00,0.00,NULL,NULL,1050.00,1050.00),(1182,1166,10,1.00,0.00,NULL,NULL,4800.00,4800.00),(1183,1167,29,1.00,0.00,NULL,NULL,2800.00,2800.00),(1184,1168,39,1.00,0.00,NULL,NULL,300.00,300.00),(1185,1169,56,1.00,0.00,NULL,NULL,22500.00,22500.00),(1186,1170,62,1.00,0.00,NULL,NULL,22500.00,22500.00),(1187,1171,30,1.00,0.00,NULL,NULL,140576.00,140576.00),(1188,1172,68,1.00,0.00,NULL,NULL,60880.00,60880.00),(1189,1173,38,1.00,0.00,NULL,NULL,10100.00,10100.00),(1190,1174,38,1.00,0.00,NULL,NULL,92567.00,92567.00),(1191,1175,88,1.00,0.00,NULL,NULL,35000.00,35000.00),(1192,1176,32,1.00,0.00,NULL,NULL,6200.00,6200.00),(1193,1177,26,1.00,0.00,NULL,NULL,1000.00,1000.00),(1194,1178,32,1.00,0.00,NULL,NULL,500.00,500.00),(1195,1179,73,1.00,0.00,NULL,NULL,260.00,260.00),(1196,1180,62,1.00,0.00,NULL,NULL,650.00,650.00),(1197,1181,74,1.00,0.00,NULL,NULL,6000.00,6000.00),(1198,1182,10,1.00,0.00,NULL,NULL,1600.00,1600.00),(1199,1183,28,1.00,0.00,NULL,NULL,500.00,500.00),(1200,1184,10,1.00,0.00,NULL,NULL,880.00,880.00),(1201,1185,62,1.00,0.00,NULL,NULL,1360.00,1360.00),(1202,1186,10,1.00,0.00,NULL,NULL,500.00,500.00),(1203,1187,40,1.00,0.00,NULL,NULL,500.00,500.00),(1204,1188,82,1.00,0.00,NULL,NULL,2700.00,2700.00),(1205,1189,30,1.00,0.00,NULL,NULL,3000.00,3000.00),(1206,1190,74,1.00,0.00,NULL,NULL,1300.00,1300.00),(1207,1191,56,1.00,0.00,NULL,NULL,72000.00,72000.00),(1208,1192,35,1.00,0.00,NULL,NULL,500.00,500.00),(1209,1193,62,1.00,0.00,NULL,NULL,1400.00,1400.00),(1210,1194,62,1.00,0.00,NULL,NULL,700.00,700.00),(1212,1196,28,1.00,0.00,NULL,NULL,700.00,700.00),(1213,1197,40,1.00,0.00,NULL,NULL,300.00,300.00),(1214,1198,10,1.00,0.00,NULL,NULL,280.00,280.00),(1215,0,37,1.00,0.00,NULL,NULL,350.00,350.00),(1216,0,37,1.00,0.00,NULL,NULL,350.00,350.00),(1217,1199,37,1.00,0.00,NULL,NULL,350.00,350.00),(1218,1200,62,1.00,0.00,NULL,NULL,4610.00,4610.00),(1219,1201,74,1.00,0.00,NULL,NULL,2000.00,2000.00),(1220,1202,72,1.00,0.00,NULL,NULL,1500.00,1500.00),(1221,1203,28,1.00,0.00,NULL,NULL,700.00,700.00),(1222,1204,56,1.00,0.00,NULL,NULL,5435.00,5435.00),(1223,1205,30,1.00,0.00,NULL,NULL,103707.00,103707.00),(1224,1206,38,1.00,0.00,NULL,NULL,148280.00,148280.00),(1225,1207,84,1.00,0.00,NULL,NULL,44640.00,44640.00),(1226,1208,88,1.00,0.00,NULL,NULL,72400.00,72400.00),(1227,1209,72,1.00,0.00,NULL,NULL,3750.00,3750.00),(1228,1210,40,1.00,0.00,NULL,NULL,550.00,550.00),(1229,1211,39,1.00,0.00,NULL,NULL,450.00,450.00),(1230,1212,28,1.00,0.00,NULL,NULL,1200.00,1200.00),(1231,1213,56,1.00,0.00,NULL,NULL,690.00,690.00),(1232,1214,39,1.00,0.00,NULL,NULL,54040.00,54040.00),(1233,1215,29,1.00,0.00,NULL,NULL,2800.00,2800.00),(1234,1216,3,1.00,0.00,NULL,NULL,2350.00,2350.00),(1235,1217,40,1.00,0.00,NULL,NULL,700.00,700.00),(1236,1218,71,1.00,0.00,NULL,NULL,700.00,700.00),(1237,1219,56,1.00,0.00,NULL,NULL,450.00,450.00),(1238,1220,3,1.00,0.00,NULL,NULL,9350.00,9350.00),(1239,1221,31,1.00,0.00,NULL,NULL,3334.00,3334.00),(1240,1222,35,1.00,0.00,NULL,NULL,3333.00,3333.00),(1241,1223,32,1.00,0.00,NULL,NULL,3333.00,3333.00),(1242,1224,36,1.00,0.00,NULL,NULL,3334.00,3334.00),(1243,1225,35,1.00,0.00,NULL,NULL,3333.00,3333.00),(1244,1226,34,1.00,0.00,NULL,NULL,3333.00,3333.00),(1245,1227,57,1.00,0.00,NULL,NULL,3580.00,3580.00),(1246,1228,28,1.00,0.00,NULL,NULL,700.00,700.00),(1247,1229,35,1.00,0.00,NULL,NULL,590.00,590.00),(1248,1230,35,1.00,0.00,NULL,NULL,1600.00,1600.00),(1249,1231,28,1.00,0.00,NULL,NULL,600.00,600.00),(1250,1232,28,1.00,0.00,NULL,NULL,700.00,700.00),(1251,1233,83,1.00,0.00,NULL,NULL,33500.00,33500.00),(1252,1234,10,1.00,0.00,NULL,NULL,1200.00,1200.00),(1253,1235,31,1.00,0.00,NULL,NULL,4200.00,4200.00),(1254,1236,26,1.00,0.00,NULL,NULL,16450.00,16450.00),(1255,1237,32,1.00,0.00,NULL,NULL,92494.00,92494.00),(1256,1238,32,1.00,0.00,NULL,NULL,5980.00,5980.00),(1257,1239,32,1.00,0.00,NULL,NULL,30100.00,30100.00),(1258,1240,38,1.00,0.00,NULL,NULL,10700.00,10700.00),(1259,1241,38,1.00,0.00,NULL,NULL,46711.00,46711.00),(1260,1242,30,1.00,0.00,NULL,NULL,149654.00,149654.00),(1261,1243,88,1.00,0.00,NULL,NULL,122319.00,122319.00),(1262,1244,56,1.00,0.00,NULL,NULL,27850.00,27850.00),(1263,1245,32,1.00,0.00,NULL,NULL,560.00,560.00),(1264,1246,56,1.00,0.00,NULL,NULL,24000.00,24000.00),(1265,1247,62,1.00,0.00,NULL,NULL,24000.00,24000.00),(1266,1248,83,1.00,0.00,NULL,NULL,3600.00,3600.00),(1267,1249,30,1.00,0.00,NULL,NULL,4500.00,4500.00),(1268,1250,29,1.00,0.00,NULL,NULL,2800.00,2800.00),(1270,0,10,1.00,0.00,NULL,NULL,1600.00,1600.00),(1271,1252,10,1.00,0.00,NULL,NULL,1600.00,1600.00),(1272,1253,32,1.00,0.00,NULL,NULL,19350.00,19350.00),(1273,1254,32,1.00,0.00,NULL,NULL,9700.00,9700.00),(1274,1255,32,1.00,0.00,NULL,NULL,350.00,350.00),(1275,1256,42,1.00,0.00,NULL,NULL,500.00,500.00),(1276,1257,83,1.00,0.00,NULL,NULL,3600.00,3600.00),(1277,1258,41,1.00,0.00,NULL,NULL,950.00,950.00),(1278,1259,41,1.00,0.00,NULL,NULL,950.00,950.00),(1279,1260,33,1.00,0.00,NULL,NULL,15000.00,15000.00),(1280,1261,26,1.00,0.00,NULL,NULL,500.00,500.00),(1281,1262,62,1.00,0.00,NULL,NULL,710.00,710.00),(1282,1263,83,1.00,0.00,NULL,NULL,3600.00,3600.00),(1283,1264,33,1.00,0.00,NULL,NULL,27900.00,27900.00),(1284,1265,40,1.00,0.00,NULL,NULL,1710.00,1710.00),(1285,1266,31,1.00,0.00,NULL,NULL,600.00,600.00),(1286,1267,26,1.00,0.00,NULL,NULL,2600.00,2600.00),(1287,1268,83,1.00,0.00,NULL,NULL,3600.00,3600.00),(1288,1269,83,1.00,0.00,NULL,NULL,15000.00,15000.00),(1289,1270,83,1.00,0.00,NULL,NULL,3600.00,3600.00),(1290,1271,10,1.00,0.00,NULL,NULL,1600.00,1600.00),(1291,1272,34,1.00,0.00,NULL,NULL,6800.00,6800.00),(1292,1273,83,1.00,0.00,NULL,NULL,3600.00,3600.00),(1293,1274,83,1.00,0.00,NULL,NULL,2200.00,2200.00),(1294,1275,83,1.00,0.00,NULL,NULL,9000.00,9000.00),(1295,1276,83,1.00,0.00,NULL,NULL,14680.00,14680.00),(1296,1277,83,1.00,0.00,NULL,NULL,3600.00,3600.00),(1297,1278,35,1.00,0.00,NULL,NULL,350.00,350.00),(1298,1279,42,1.00,0.00,NULL,NULL,300.00,300.00),(1299,1280,74,1.00,0.00,NULL,NULL,4500.00,4500.00),(1300,1281,28,1.00,0.00,NULL,NULL,500.00,500.00),(1301,1282,56,1.00,0.00,NULL,NULL,870.00,870.00),(1302,1283,62,1.00,0.00,NULL,NULL,1260.00,1260.00),(1303,1284,30,1.00,0.00,NULL,NULL,148457.00,148457.00),(1304,1285,88,1.00,0.00,NULL,NULL,113640.00,113640.00),(1305,1286,38,1.00,0.00,NULL,NULL,13700.00,13700.00),(1306,1287,38,1.00,0.00,NULL,NULL,63825.00,63825.00),(1307,1288,40,1.00,0.00,NULL,NULL,2680.00,2680.00),(1309,0,32,1.00,0.00,NULL,NULL,17425.00,17425.00),(1310,1290,32,1.00,0.00,NULL,NULL,17425.00,17425.00),(1311,1291,29,1.00,0.00,NULL,NULL,3500.00,3500.00),(1312,1292,40,1.00,0.00,NULL,NULL,1800.00,1800.00),(1313,1293,3,1.00,0.00,NULL,NULL,13000.00,13000.00),(1314,1294,35,1.00,0.00,NULL,NULL,600.00,600.00),(1315,1295,34,1.00,0.00,NULL,NULL,220.00,220.00),(1316,1296,42,1.00,0.00,NULL,NULL,350.00,350.00),(1317,1297,30,1.00,0.00,NULL,NULL,7500.00,7500.00),(1318,1298,10,1.00,0.00,NULL,NULL,500.00,500.00),(1319,1299,32,1.00,0.00,NULL,NULL,820.00,820.00),(1320,1300,35,1.00,0.00,NULL,NULL,26455.00,26455.00),(1321,1300,34,1.00,0.00,NULL,NULL,17880.00,17880.00),(1322,1300,40,1.00,0.00,NULL,NULL,1000.00,1000.00),(1323,1300,34,1.00,0.00,NULL,NULL,1000.00,1000.00),(1324,1301,82,1.00,0.00,NULL,NULL,7500.00,7500.00),(1325,1301,31,1.00,0.00,NULL,NULL,6350.00,6350.00),(1326,1302,82,1.00,0.00,NULL,NULL,4000.00,4000.00),(1327,1302,26,1.00,0.00,NULL,NULL,270.00,270.00),(1328,1303,40,1.00,0.00,NULL,NULL,500.00,500.00),(1329,1303,34,1.00,0.00,NULL,NULL,100.00,100.00),(1330,1304,32,1.00,0.00,NULL,NULL,17850.00,17850.00),(1331,1305,33,1.00,0.00,NULL,NULL,12230.00,12230.00),(1332,1305,26,1.00,0.00,NULL,NULL,580.00,580.00),(1333,1305,26,1.00,0.00,NULL,NULL,3740.00,3740.00),(1335,0,26,1.00,0.00,NULL,NULL,3524.00,3524.00),(1336,0,26,1.00,0.00,NULL,NULL,3524.00,3524.00),(1337,1307,26,1.00,0.00,NULL,NULL,3524.00,3524.00),(1341,1309,93,1.00,0.00,NULL,NULL,1780.00,1780.00),(1342,1310,56,1.00,0.00,NULL,NULL,2570.00,2570.00),(1343,1310,56,1.00,0.00,NULL,NULL,850.00,850.00),(1344,1310,56,1.00,0.00,NULL,NULL,8540.00,8540.00),(1345,1311,74,1.00,0.00,NULL,NULL,1250.00,1250.00),(1346,1311,74,1.00,0.00,NULL,NULL,19920.00,19920.00),(1347,1311,74,1.00,0.00,NULL,NULL,6486.00,6486.00),(1349,1313,40,1.00,0.00,NULL,NULL,2860.00,2860.00),(1350,1314,62,1.00,0.00,NULL,NULL,10588.00,10588.00),(1351,1315,10,1.00,0.00,NULL,NULL,500.00,500.00),(1352,1315,32,1.00,0.00,NULL,NULL,6800.00,6800.00),(1353,1316,10,1.00,0.00,NULL,NULL,10800.00,10800.00),(1354,1317,40,1.00,0.00,NULL,NULL,500.00,500.00),(1355,1318,33,1.00,0.00,NULL,NULL,41600.00,41600.00),(1356,1319,26,1.00,0.00,NULL,NULL,7050.00,7050.00),(1357,1320,41,1.00,0.00,NULL,NULL,370.00,370.00),(1358,1321,83,1.00,0.00,NULL,NULL,49837.00,49837.00),(1359,1322,31,1.00,0.00,NULL,NULL,550.00,550.00),(1360,1322,33,1.00,0.00,NULL,NULL,400.00,400.00),(1361,1323,34,1.00,0.00,NULL,NULL,710.00,710.00),(1363,1325,82,1.00,0.00,NULL,NULL,8375.00,8375.00),(1364,1325,82,1.00,0.00,NULL,NULL,27000.00,27000.00),(1365,1326,83,1.00,0.00,NULL,NULL,8375.00,8375.00),(1366,1326,83,1.00,0.00,NULL,NULL,5540.00,5540.00),(1367,1327,31,1.00,0.00,NULL,NULL,20000.00,20000.00),(1368,0,40,1.00,0.00,NULL,NULL,895.00,895.00),(1369,1328,40,1.00,0.00,NULL,NULL,895.00,895.00),(1370,1329,29,1.00,0.00,NULL,NULL,3500.00,3500.00),(1371,1330,32,1.00,0.00,NULL,NULL,1200.00,1200.00),(1372,1331,34,1.00,0.00,NULL,NULL,690.00,690.00),(1373,1332,34,1.00,0.00,NULL,NULL,440.00,440.00),(1375,0,33,1.00,0.00,NULL,NULL,27900.00,27900.00),(1376,0,33,1.00,0.00,NULL,NULL,27900.00,27900.00),(1377,1334,83,1.00,0.00,NULL,NULL,2500.00,2500.00),(1378,1335,82,1.00,0.00,NULL,NULL,2500.00,2500.00),(1379,1336,33,1.00,0.00,NULL,NULL,200.00,200.00),(1380,1337,34,1.00,0.00,NULL,NULL,5850.00,5850.00),(1381,1338,34,1.00,0.00,NULL,NULL,6500.00,6500.00),(1382,1339,31,1.00,0.00,NULL,NULL,3334.00,3334.00),(1383,1340,33,1.00,0.00,NULL,NULL,3333.00,3333.00),(1384,1341,32,1.00,0.00,NULL,NULL,3333.00,3333.00),(1385,1342,36,1.00,0.00,NULL,NULL,3334.00,3334.00),(1386,1343,35,1.00,0.00,NULL,NULL,3333.00,3333.00),(1387,1344,34,1.00,0.00,NULL,NULL,3333.00,3333.00),(1390,1347,33,1.00,0.00,NULL,NULL,210.00,210.00),(1394,0,10,1.00,0.00,NULL,NULL,200.00,200.00),(1395,1351,10,1.00,0.00,NULL,NULL,200.00,200.00),(1397,1353,82,1.00,0.00,NULL,NULL,19000.00,19000.00),(1398,1354,34,1.00,0.00,NULL,NULL,200.00,200.00),(1400,1356,10,1.00,0.00,NULL,NULL,500.00,500.00),(1401,1357,40,1.00,0.00,NULL,NULL,500.00,500.00),(1403,0,39,1.00,0.00,NULL,NULL,2500.00,2500.00),(1406,1361,40,1.00,0.00,NULL,NULL,2000.00,2000.00),(1407,1362,31,1.00,0.00,NULL,NULL,12500.00,12500.00),(1408,1363,32,1.00,0.00,NULL,NULL,2200.00,2200.00),(1409,1364,82,1.00,0.00,NULL,NULL,2000.00,2000.00),(1410,1365,40,1.00,0.00,NULL,NULL,1300.00,1300.00),(1411,1366,40,1.00,0.00,NULL,NULL,500.00,500.00),(1412,1367,10,1.00,0.00,NULL,NULL,500.00,500.00),(1413,1368,32,1.00,0.00,NULL,NULL,280.00,280.00),(1414,1369,10,1.00,0.00,NULL,NULL,780.00,780.00),(1415,1370,34,1.00,0.00,NULL,NULL,17574.00,17574.00),(1417,1372,35,1.00,0.00,NULL,NULL,15837.00,15837.00),(1418,1373,10,1.00,0.00,NULL,NULL,500.00,500.00),(1419,1374,40,1.00,0.00,NULL,NULL,350.00,350.00),(1420,1375,10,1.00,0.00,NULL,NULL,560.00,560.00),(1421,1376,10,1.00,0.00,NULL,NULL,4030.00,4030.00),(1422,1377,10,1.00,0.00,NULL,NULL,500.00,500.00),(1423,1378,40,1.00,0.00,NULL,NULL,6050.00,6050.00),(1424,1379,32,1.00,0.00,NULL,NULL,100.00,100.00),(1425,1380,33,1.00,0.00,NULL,NULL,3500.00,3500.00),(1426,1381,40,1.00,0.00,NULL,NULL,450.00,450.00),(1427,1382,34,1.00,0.00,NULL,NULL,680.00,680.00),(1428,1383,31,1.00,0.00,NULL,NULL,14500.00,14500.00),(1429,1384,31,1.00,0.00,NULL,NULL,8500.00,8500.00),(1430,1385,35,1.00,0.00,NULL,NULL,150.00,150.00),(1431,1386,10,1.00,0.00,NULL,NULL,500.00,500.00),(1432,1387,32,1.00,0.00,NULL,NULL,8800.00,8800.00),(1433,1388,31,1.00,0.00,NULL,NULL,1500.00,1500.00),(1434,1389,40,1.00,0.00,NULL,NULL,500.00,500.00),(1435,1390,40,1.00,0.00,NULL,NULL,5040.00,5040.00),(1436,0,31,1.00,0.00,NULL,NULL,1400.00,1400.00),(1437,0,31,1.00,0.00,NULL,NULL,1400.00,1400.00),(1438,0,31,1.00,0.00,NULL,NULL,1400.00,1400.00),(1439,1391,31,1.00,0.00,NULL,NULL,1400.00,1400.00),(1440,1392,32,1.00,0.00,NULL,NULL,17000.00,17000.00),(1441,1393,33,1.00,0.00,NULL,NULL,18850.00,18850.00),(1442,1394,26,1.00,0.00,NULL,NULL,26500.00,26500.00),(1443,1395,32,1.00,0.00,NULL,NULL,46760.00,46760.00),(1444,1396,32,1.00,0.00,NULL,NULL,78080.00,78080.00),(1445,1397,31,1.00,0.00,NULL,NULL,10000.00,10000.00),(1446,1398,36,1.00,0.00,NULL,NULL,10000.00,10000.00),(1447,1399,20,1.00,0.00,NULL,NULL,10000.00,10000.00),(1448,1400,20,1.00,0.00,NULL,NULL,10000.00,10000.00),(1449,1401,32,1.00,0.00,NULL,NULL,18000.00,18000.00),(1450,0,32,1.00,0.00,NULL,NULL,18000.00,18000.00),(1451,1402,26,1.00,0.00,NULL,NULL,2400.00,2400.00),(1452,1403,32,1.00,0.00,NULL,NULL,81900.00,81900.00),(1453,1404,32,1.00,0.00,NULL,NULL,38650.00,38650.00),(1454,1405,26,1.00,0.00,NULL,NULL,19050.00,19050.00),(1455,1406,26,1.00,0.00,NULL,NULL,7700.00,7700.00),(1456,1407,3,1.00,0.00,NULL,NULL,2800.00,2800.00),(1457,1408,32,1.00,0.00,NULL,NULL,4275.00,4275.00),(1458,1409,41,1.00,0.00,NULL,NULL,71632.00,71632.00),(1459,1410,31,1.00,0.00,NULL,NULL,10340.00,10340.00),(1460,1411,27,1.00,0.00,NULL,NULL,5200.00,5200.00),(1461,1412,41,1.00,0.00,NULL,NULL,5560.00,5560.00),(1462,1413,35,1.00,0.00,NULL,NULL,13140.00,13140.00),(1463,1414,42,1.00,0.00,NULL,NULL,3590.00,3590.00),(1464,1415,3,1.00,0.00,NULL,NULL,3350.00,3350.00),(1465,1416,3,1.00,0.00,NULL,NULL,3150.00,3150.00),(1466,1417,3,1.00,0.00,NULL,NULL,2300.00,2300.00),(1467,1418,3,1.00,0.00,NULL,NULL,1050.00,1050.00),(1468,1419,32,1.00,0.00,NULL,NULL,18000.00,18000.00),(1469,1420,26,1.00,0.00,NULL,NULL,24930.00,24930.00),(1470,1421,32,1.00,0.00,NULL,NULL,22550.00,22550.00),(1471,1422,32,1.00,0.00,NULL,NULL,113086.00,113086.00),(1472,1423,20,1.00,0.00,NULL,NULL,3333.00,3333.00),(1473,1424,33,1.00,0.00,NULL,NULL,3333.00,3333.00),(1474,1425,31,1.00,0.00,NULL,NULL,3334.00,3334.00),(1475,1426,89,1.00,0.00,NULL,NULL,14000.00,14000.00),(1476,1427,33,1.00,0.00,NULL,NULL,11700.00,11700.00),(1477,1428,56,1.00,0.00,NULL,NULL,10000.00,10000.00),(1478,1429,62,1.00,0.00,NULL,NULL,10000.00,10000.00),(1479,1430,36,1.00,0.00,NULL,NULL,3334.00,3334.00),(1480,1431,35,1.00,0.00,NULL,NULL,3333.00,3333.00),(1481,1432,34,1.00,0.00,NULL,NULL,3333.00,3333.00),(1482,1433,3,1.00,0.00,NULL,NULL,2450.00,2450.00),(1483,1434,3,1.00,0.00,NULL,NULL,3200.00,3200.00),(1484,1435,24,1.00,0.00,NULL,NULL,101000.00,101000.00),(1485,1436,46,1.00,0.00,NULL,NULL,94000.00,94000.00),(1486,1437,3,1.00,0.00,NULL,NULL,2050.00,2050.00),(1487,1438,3,1.00,0.00,NULL,NULL,2100.00,2100.00),(1488,1439,3,1.00,0.00,NULL,NULL,2000.00,2000.00),(1489,1440,3,1.00,0.00,NULL,NULL,1550.00,1550.00),(1490,1441,32,1.00,0.00,NULL,NULL,27000.00,27000.00),(1491,1442,27,1.00,0.00,NULL,NULL,15450.00,15450.00),(1492,1443,41,1.00,0.00,NULL,NULL,18470.00,18470.00),(1493,1444,26,1.00,0.00,NULL,NULL,3740.00,3740.00),(1494,1445,31,1.00,0.00,NULL,NULL,4520.00,4520.00),(1495,1446,33,1.00,0.00,NULL,NULL,10710.00,10710.00),(1496,1447,41,1.00,0.00,NULL,NULL,5100.00,5100.00),(1497,1448,41,1.00,0.00,NULL,NULL,12740.00,12740.00),(1498,1449,41,1.00,0.00,NULL,NULL,5430.00,5430.00),(1499,1450,42,1.00,0.00,NULL,NULL,1520.00,1520.00),(1500,1451,35,1.00,0.00,NULL,NULL,6880.00,6880.00),(1501,1452,34,1.00,0.00,NULL,NULL,3960.00,3960.00),(1502,1453,42,1.00,0.00,NULL,NULL,1220.00,1220.00),(1503,1454,34,1.00,0.00,NULL,NULL,10810.00,10810.00),(1504,1455,32,1.00,0.00,NULL,NULL,9000.00,9000.00),(1505,1456,3,1.00,0.00,NULL,NULL,3550.00,3550.00),(1506,1457,3,1.00,0.00,NULL,NULL,4900.00,4900.00),(1507,1458,26,1.00,0.00,NULL,NULL,5725.00,5725.00),(1508,1459,32,1.00,0.00,NULL,NULL,117245.00,117245.00),(1509,1460,32,1.00,0.00,NULL,NULL,12790.00,12790.00),(1510,1461,32,1.00,0.00,NULL,NULL,4860.00,4860.00),(1511,1462,32,1.00,0.00,NULL,NULL,12870.00,12870.00),(1512,1463,3,1.00,0.00,NULL,NULL,76.00,76.00),(1513,1464,31,1.00,0.00,NULL,NULL,7800.00,7800.00),(1514,1465,32,1.00,0.00,NULL,NULL,9000.00,9000.00),(1515,1466,89,1.00,0.00,NULL,NULL,14000.00,14000.00),(1516,1467,32,1.00,0.00,NULL,NULL,10000.00,10000.00),(1517,1468,34,1.00,0.00,NULL,NULL,10000.00,10000.00),(1518,1469,34,1.00,0.00,NULL,NULL,10000.00,10000.00),(1519,1470,33,1.00,0.00,NULL,NULL,25600.00,25600.00),(1520,1471,41,1.00,0.00,NULL,NULL,11600.00,11600.00),(1521,1472,41,1.00,0.00,NULL,NULL,2030.00,2030.00),(1522,1473,41,1.00,0.00,NULL,NULL,13650.00,13650.00),(1523,0,41,1.00,0.00,NULL,NULL,13650.00,13650.00),(1524,1474,41,1.00,0.00,NULL,NULL,13940.00,13940.00),(1525,1475,42,1.00,0.00,NULL,NULL,2140.00,2140.00),(1526,1476,35,1.00,0.00,NULL,NULL,11360.00,11360.00),(1527,1477,34,1.00,0.00,NULL,NULL,4440.00,4440.00),(1528,1478,35,1.00,0.00,NULL,NULL,10780.00,10780.00),(1529,1479,83,1.00,0.00,NULL,NULL,5250.00,5250.00),(1530,1480,42,1.00,0.00,NULL,NULL,900.00,900.00),(1531,1481,83,1.00,0.00,NULL,NULL,5800.00,5800.00),(1532,1482,34,1.00,0.00,NULL,NULL,1330.00,1330.00),(1533,1483,35,1.00,0.00,NULL,NULL,6000.00,6000.00),(1534,1484,26,1.00,0.00,NULL,NULL,26250.00,26250.00),(1535,1485,33,1.00,0.00,NULL,NULL,11870.00,11870.00),(1536,1486,31,1.00,0.00,NULL,NULL,5210.00,5210.00),(1537,1487,32,1.00,0.00,NULL,NULL,22240.00,22240.00),(1538,1488,91,1.00,0.00,NULL,NULL,1035.00,1035.00),(1539,1489,27,1.00,0.00,NULL,NULL,28570.00,28570.00),(1540,0,91,1.00,0.00,NULL,NULL,1035.00,1035.00),(1541,1490,34,1.00,0.00,NULL,NULL,9350.00,9350.00),(1542,1491,32,1.00,0.00,NULL,NULL,146740.00,146740.00),(1543,1492,26,1.00,0.00,NULL,NULL,27400.00,27400.00),(1544,1493,32,1.00,0.00,NULL,NULL,11970.00,11970.00),(1545,1494,33,1.00,0.00,NULL,NULL,45200.00,45200.00),(1546,1495,27,1.00,0.00,NULL,NULL,10000.00,10000.00),(1547,1496,41,1.00,0.00,NULL,NULL,10000.00,10000.00),(1548,1497,31,1.00,0.00,NULL,NULL,3334.00,3334.00),(1549,1498,32,1.00,0.00,NULL,NULL,3333.00,3333.00),(1550,1499,33,1.00,0.00,NULL,NULL,3333.00,3333.00),(1551,1500,31,1.00,0.00,NULL,NULL,3334.00,3334.00),(1552,1501,34,1.00,0.00,NULL,NULL,3333.00,3333.00),(1553,1502,35,1.00,0.00,NULL,NULL,3333.00,3333.00),(1554,1503,90,1.00,0.00,NULL,NULL,14000.00,14000.00),(1555,1504,3,1.00,0.00,NULL,NULL,6200.00,6200.00),(1556,1505,32,1.00,0.00,NULL,NULL,45155.00,45155.00),(1557,1506,26,1.00,0.00,NULL,NULL,6100.00,6100.00),(1558,1507,3,1.00,0.00,NULL,NULL,3600.00,3600.00),(1559,1508,3,1.00,0.00,NULL,NULL,9700.00,9700.00),(1560,1509,56,1.00,0.00,NULL,NULL,23345.00,23345.00),(1561,1510,62,1.00,0.00,NULL,NULL,23345.00,23345.00),(1562,1511,32,1.00,0.00,NULL,NULL,77900.00,77900.00),(1563,1512,26,1.00,0.00,NULL,NULL,48600.00,48600.00),(1564,1513,41,1.00,0.00,NULL,NULL,13240.00,13240.00),(1565,1514,42,1.00,0.00,NULL,NULL,1000.00,1000.00),(1566,1515,41,1.00,0.00,NULL,NULL,13760.00,13760.00),(1567,1516,35,1.00,0.00,NULL,NULL,1000.00,1000.00),(1568,1517,26,1.00,0.00,NULL,NULL,2640.00,2640.00),(1569,1518,33,1.00,0.00,NULL,NULL,3440.00,3440.00),(1570,1519,26,1.00,0.00,NULL,NULL,4300.00,4300.00),(1571,1520,41,1.00,0.00,NULL,NULL,5850.00,5850.00),(1572,1521,41,1.00,0.00,NULL,NULL,2390.00,2390.00),(1573,1522,41,1.00,0.00,NULL,NULL,70.00,70.00),(1574,1523,41,1.00,0.00,NULL,NULL,400.00,400.00),(1575,1524,27,1.00,0.00,NULL,NULL,660.00,660.00),(1576,1525,41,1.00,0.00,NULL,NULL,10340.00,10340.00),(1577,1526,32,1.00,0.00,NULL,NULL,9000.00,9000.00),(1578,1527,32,1.00,0.00,NULL,NULL,4500.00,4500.00),(1579,1528,41,1.00,0.00,NULL,NULL,14000.00,14000.00),(1580,1529,26,1.00,0.00,NULL,NULL,10000.00,10000.00),(1581,1530,41,1.00,0.00,NULL,NULL,10000.00,10000.00),(1582,1531,42,1.00,0.00,NULL,NULL,10000.00,10000.00),(1583,1532,27,1.00,0.00,NULL,NULL,10000.00,10000.00),(1584,1533,33,1.00,0.00,NULL,NULL,23600.00,23600.00),(1585,1534,41,1.00,0.00,NULL,NULL,20745.00,20745.00),(1586,1535,42,1.00,0.00,NULL,NULL,32575.00,32575.00),(1587,0,41,1.00,0.00,NULL,NULL,19350.00,19350.00),(1588,1536,26,1.00,0.00,NULL,NULL,2750.00,2750.00),(1589,1537,27,1.00,0.00,NULL,NULL,10530.00,10530.00),(1590,1538,89,1.00,0.00,NULL,NULL,14000.00,14000.00),(1591,1539,27,1.00,0.00,NULL,NULL,21130.00,21130.00),(1592,1540,26,1.00,0.00,NULL,NULL,13840.00,13840.00),(1593,1541,41,1.00,0.00,NULL,NULL,40010.00,40010.00),(1594,1542,35,1.00,0.00,NULL,NULL,7410.00,7410.00),(1595,1543,3,1.00,0.00,NULL,NULL,4750.00,4750.00),(1596,1544,32,1.00,0.00,NULL,NULL,162000.00,162000.00),(1597,1545,89,1.00,0.00,NULL,NULL,14000.00,14000.00),(1598,0,89,1.00,0.00,NULL,NULL,14000.00,14000.00),(1599,1546,26,1.00,0.00,NULL,NULL,10000.00,10000.00),(1600,1547,27,1.00,0.00,NULL,NULL,10000.00,10000.00),(1601,1548,41,1.00,0.00,NULL,NULL,10000.00,10000.00),(1602,1549,41,1.00,0.00,NULL,NULL,10000.00,10000.00),(1603,0,32,1.00,0.00,NULL,NULL,16200.00,16200.00),(1604,1550,32,1.00,0.00,NULL,NULL,145995.00,145995.00),(1605,1551,26,1.00,0.00,NULL,NULL,22400.00,22400.00),(1606,1552,32,1.00,0.00,NULL,NULL,13320.00,13320.00),(1607,1553,33,1.00,0.00,NULL,NULL,18000.00,18000.00),(1608,1554,56,1.00,0.00,NULL,NULL,48120.00,48120.00),(1609,1555,62,1.00,0.00,NULL,NULL,24060.00,24060.00),(1610,1556,27,1.00,0.00,NULL,NULL,3900.00,3900.00),(1611,1557,31,1.00,0.00,NULL,NULL,3800.00,3800.00),(1612,1558,31,1.00,0.00,NULL,NULL,13400.00,13400.00),(1613,1559,27,1.00,0.00,NULL,NULL,31200.00,31200.00),(1614,1560,27,1.00,0.00,NULL,NULL,15410.00,15410.00),(1615,1561,26,1.00,0.00,NULL,NULL,24640.00,24640.00),(1616,1562,33,1.00,0.00,NULL,NULL,6830.00,6830.00),(1617,1563,42,1.00,0.00,NULL,NULL,10845.00,10845.00),(1618,1564,41,1.00,0.00,NULL,NULL,1774.00,1774.00),(1619,1565,3,1.00,0.00,NULL,NULL,4720.00,4720.00),(1620,1566,32,1.00,0.00,NULL,NULL,14250.00,14250.00),(1621,1567,3,1.00,0.00,NULL,NULL,3510.00,3510.00),(1622,0,3,1.00,0.00,NULL,NULL,3510.00,3510.00),(1623,1568,31,1.00,0.00,NULL,NULL,8000.00,8000.00),(1624,1569,32,1.00,0.00,NULL,NULL,21225.00,21225.00),(1625,1570,27,1.00,0.00,NULL,NULL,21730.00,21730.00),(1626,1571,26,1.00,0.00,NULL,NULL,23120.00,23120.00),(1627,1572,41,1.00,0.00,NULL,NULL,18150.00,18150.00),(1628,1573,42,1.00,0.00,NULL,NULL,19650.00,19650.00),(1629,1574,89,1.00,0.00,NULL,NULL,14000.00,14000.00),(1630,1575,26,1.00,0.00,NULL,NULL,4990.00,4990.00),(1631,1576,35,1.00,0.00,NULL,NULL,14990.00,14990.00),(1632,1577,27,1.00,0.00,NULL,NULL,1780.00,1780.00),(1633,1578,26,1.00,0.00,NULL,NULL,1510.00,1510.00),(1634,1579,35,1.00,0.00,NULL,NULL,19190.00,19190.00),(1635,1580,31,1.00,0.00,NULL,NULL,6470.00,6470.00),(1636,1581,26,1.00,0.00,NULL,NULL,3810.00,3810.00),(1637,1582,42,1.00,0.00,NULL,NULL,15580.00,15580.00),(1638,1583,41,1.00,0.00,NULL,NULL,8600.00,8600.00),(1639,1584,26,1.00,0.00,NULL,NULL,5860.00,5860.00),(1640,1585,27,1.00,0.00,NULL,NULL,6110.00,6110.00),(1641,1586,42,1.00,0.00,NULL,NULL,20370.00,20370.00),(1642,1587,35,1.00,0.00,NULL,NULL,11874.00,11874.00),(1643,1588,32,1.00,0.00,NULL,NULL,10000.00,10000.00),(1644,1589,3,1.00,0.00,NULL,NULL,6900.00,6900.00),(1645,1590,3,1.00,0.00,NULL,NULL,2960.00,2960.00),(1646,1591,27,1.00,0.00,NULL,NULL,25470.00,25470.00),(1647,1592,41,1.00,0.00,NULL,NULL,25470.00,25470.00),(1648,1593,32,1.00,0.00,NULL,NULL,14600.00,14600.00),(1649,1594,34,1.00,0.00,NULL,NULL,1500.00,1500.00),(1650,1595,32,1.00,0.00,NULL,NULL,3400.00,3400.00),(1651,1596,33,1.00,0.00,NULL,NULL,22800.00,22800.00),(1652,1597,33,1.00,0.00,NULL,NULL,32700.00,32700.00),(1653,1598,35,1.00,0.00,NULL,NULL,18000.00,18000.00),(1654,1599,41,1.00,0.00,NULL,NULL,21600.00,21600.00),(1655,1600,27,1.00,0.00,NULL,NULL,25400.00,25400.00),(1656,1601,36,1.00,0.00,NULL,NULL,18200.00,18200.00),(1657,1602,41,1.00,0.00,NULL,NULL,21280.00,21280.00),(1658,1603,27,1.00,0.00,NULL,NULL,56360.00,56360.00),(1659,1604,26,1.00,0.00,NULL,NULL,5230.00,5230.00),(1660,1605,33,1.00,0.00,NULL,NULL,4460.00,4460.00),(1661,1606,31,1.00,0.00,NULL,NULL,6670.00,6670.00),(1662,1607,42,1.00,0.00,NULL,NULL,10278.00,10278.00),(1663,1608,32,1.00,0.00,NULL,NULL,11500.00,11500.00),(1664,1609,26,1.00,0.00,NULL,NULL,23420.00,23420.00),(1665,1610,32,1.00,0.00,NULL,NULL,132010.00,132010.00),(1666,1611,56,1.00,0.00,NULL,NULL,53875.00,53875.00),(1667,0,26,1.00,0.00,NULL,NULL,23420.00,23420.00),(1668,1612,62,1.00,0.00,NULL,NULL,28475.00,28475.00),(1669,1613,32,1.00,0.00,NULL,NULL,9900.00,9900.00),(1670,1614,33,1.00,0.00,NULL,NULL,47000.00,47000.00),(1671,1615,31,1.00,0.00,NULL,NULL,25500.00,25500.00),(1672,1616,3,1.00,0.00,NULL,NULL,5000.00,5000.00),(1673,1617,3,1.00,0.00,NULL,NULL,1650.00,1650.00),(1674,1618,27,1.00,0.00,NULL,NULL,34700.00,34700.00),(1675,1619,41,1.00,0.00,NULL,NULL,34700.00,34700.00),(1676,1620,3,1.00,0.00,NULL,NULL,4200.00,4200.00),(1677,1621,3,1.00,0.00,NULL,NULL,5150.00,5150.00),(1678,1622,41,1.00,0.00,NULL,NULL,12970.00,12970.00),(1679,1623,41,1.00,0.00,NULL,NULL,2000.00,2000.00),(1680,0,42,1.00,0.00,NULL,NULL,12970.00,12970.00),(1681,1624,26,1.00,0.00,NULL,NULL,31052.00,31052.00),(1682,1625,27,1.00,0.00,NULL,NULL,81719.00,81719.00),(1683,1626,89,1.00,0.00,NULL,NULL,14000.00,14000.00),(1684,1627,33,1.00,0.00,NULL,NULL,47200.00,47200.00),(1685,1628,27,1.00,0.00,NULL,NULL,46400.00,46400.00),(1686,1629,41,1.00,0.00,NULL,NULL,24200.00,24200.00),(1687,1630,32,1.00,0.00,NULL,NULL,10900.00,10900.00),(1688,1631,3,1.00,0.00,NULL,NULL,2750.00,2750.00),(1689,0,26,1.00,0.00,NULL,NULL,31052.00,31052.00),(1690,1632,32,1.00,0.00,NULL,NULL,17000.00,17000.00),(1691,1633,32,1.00,0.00,NULL,NULL,150145.00,150145.00),(1692,1634,26,1.00,0.00,NULL,NULL,26050.00,26050.00),(1693,1635,33,1.00,0.00,NULL,NULL,264180.00,264180.00),(1694,1636,31,1.00,0.00,NULL,NULL,23000.00,23000.00),(1695,1637,56,1.00,0.00,NULL,NULL,40162.00,40162.00),(1696,1638,62,1.00,0.00,NULL,NULL,26775.00,26775.00),(1697,1639,32,1.00,0.00,NULL,NULL,30000.00,30000.00),(1698,1640,3,1.00,0.00,NULL,NULL,3750.00,3750.00),(1699,1641,56,1.00,0.00,NULL,NULL,42051.00,42051.00),(1700,1642,62,1.00,0.00,NULL,NULL,29990.00,29990.00),(1701,1643,62,1.00,0.00,NULL,NULL,36605.00,36605.00),(1702,1644,56,1.00,0.00,NULL,NULL,36605.00,36605.00),(1703,1645,31,1.00,0.00,NULL,NULL,23000.00,23000.00),(1704,1646,3,1.00,0.00,NULL,NULL,6200.00,6200.00),(1705,1647,31,1.00,0.00,NULL,NULL,21250.00,21250.00),(1706,1648,36,1.00,0.00,NULL,NULL,21250.00,21250.00),(1707,1649,27,1.00,0.00,NULL,NULL,21250.00,21250.00),(1708,1650,89,1.00,0.00,NULL,NULL,14000.00,14000.00),(1709,1651,41,1.00,0.00,NULL,NULL,23990.00,23990.00),(1710,1652,26,1.00,0.00,NULL,NULL,36400.00,36400.00),(1711,1653,27,1.00,0.00,NULL,NULL,61680.00,61680.00),(1712,1654,41,1.00,0.00,NULL,NULL,28250.00,28250.00),(1713,1655,41,1.00,0.00,NULL,NULL,21250.00,21250.00),(1714,1656,32,1.00,0.00,NULL,NULL,15500.00,15500.00),(1715,1657,56,1.00,0.00,NULL,NULL,32225.00,32225.00),(1716,1658,62,1.00,0.00,NULL,NULL,32225.00,32225.00),(1717,1659,32,1.00,0.00,NULL,NULL,29900.00,29900.00),(1718,1660,32,1.00,0.00,NULL,NULL,23160.00,23160.00),(1719,1661,41,1.00,0.00,NULL,NULL,5000.00,5000.00),(1720,1662,34,1.00,0.00,NULL,NULL,11000.00,11000.00),(1721,1663,42,1.00,0.00,NULL,NULL,3600.00,3600.00),(1722,1664,3,1.00,0.00,NULL,NULL,10250.00,10250.00),(1723,1665,3,1.00,0.00,NULL,NULL,7700.00,7700.00),(1724,1666,31,1.00,0.00,NULL,NULL,12500.00,12500.00),(1725,1667,32,1.00,0.00,NULL,NULL,14950.00,14950.00),(1726,1668,78,1.00,0.00,NULL,NULL,650.00,650.00),(1727,1669,27,1.00,0.00,NULL,NULL,4980.00,4980.00),(1728,1670,41,1.00,0.00,NULL,NULL,24261.00,24261.00),(1729,1671,41,1.00,0.00,NULL,NULL,13361.00,13361.00),(1730,1672,26,1.00,0.00,NULL,NULL,24460.00,24460.00),(1731,1673,3,1.00,0.00,NULL,NULL,3100.00,3100.00),(1732,1674,32,1.00,0.00,NULL,NULL,115915.00,115915.00),(1733,1675,26,1.00,0.00,NULL,NULL,20850.00,20850.00),(1734,1676,32,1.00,0.00,NULL,NULL,5000.00,5000.00),(1735,1677,56,1.00,0.00,NULL,NULL,32100.00,32100.00),(1736,0,56,1.00,0.00,NULL,NULL,32100.00,32100.00),(1737,1678,62,1.00,0.00,NULL,NULL,31705.00,31705.00),(1738,1679,56,1.00,0.00,NULL,NULL,55270.00,55270.00),(1739,1680,62,1.00,0.00,NULL,NULL,37339.00,37339.00),(1740,1681,56,1.00,0.00,NULL,NULL,6650.00,6650.00),(1741,1682,32,1.00,0.00,NULL,NULL,130910.00,130910.00),(1742,1683,3,1.00,0.00,NULL,NULL,6300.00,6300.00),(1743,1684,3,1.00,0.00,NULL,NULL,2950.00,2950.00),(1744,1685,32,1.00,0.00,NULL,NULL,11000.00,11000.00),(1745,1686,3,1.00,0.00,NULL,NULL,3650.00,3650.00),(1746,1687,32,1.00,0.00,NULL,NULL,18375.00,18375.00),(1747,1688,26,1.00,0.00,NULL,NULL,48618.00,48618.00),(1748,1689,89,1.00,0.00,NULL,NULL,14000.00,14000.00),(1749,1690,32,1.00,0.00,NULL,NULL,77735.00,77735.00),(1750,1691,26,1.00,0.00,NULL,NULL,26270.00,26270.00),(1751,1692,32,1.00,0.00,NULL,NULL,27140.00,27140.00),(1752,1693,32,1.00,0.00,NULL,NULL,8000.00,8000.00),(1753,1694,32,1.00,0.00,NULL,NULL,7000.00,7000.00),(1754,1695,32,1.00,0.00,NULL,NULL,12320.00,12320.00),(1755,1696,89,1.00,0.00,NULL,NULL,16000.00,16000.00),(1756,1697,26,1.00,0.00,NULL,NULL,28391.00,28391.00),(1757,1698,26,1.00,0.00,NULL,NULL,39843.00,39843.00),(1758,1699,31,1.00,0.00,NULL,NULL,24600.00,24600.00),(1759,1700,33,1.00,0.00,NULL,NULL,61700.00,61700.00),(1760,1701,32,1.00,0.00,NULL,NULL,1250.00,1250.00),(1761,1702,32,1.00,0.00,NULL,NULL,25025.00,25025.00),(1762,1703,33,1.00,0.00,NULL,NULL,11100.00,11100.00),(1763,1704,32,1.00,0.00,NULL,NULL,8450.00,8450.00),(1764,1705,32,1.00,0.00,NULL,NULL,65800.00,65800.00),(1765,1706,26,1.00,0.00,NULL,NULL,62960.00,62960.00),(1766,1707,32,1.00,0.00,NULL,NULL,14960.00,14960.00),(1767,1708,32,1.00,0.00,NULL,NULL,27850.00,27850.00),(1768,1709,89,1.00,0.00,NULL,NULL,16000.00,16000.00),(1769,1710,26,1.00,0.00,NULL,NULL,93166.00,93166.00),(1770,1711,31,1.00,0.00,NULL,NULL,29000.00,29000.00),(1771,1712,32,1.00,0.00,NULL,NULL,12000.00,12000.00),(1772,1713,31,1.00,0.00,NULL,NULL,13000.00,13000.00),(1773,1714,32,1.00,0.00,NULL,NULL,12800.00,12800.00),(1774,1715,26,1.00,0.00,NULL,NULL,45610.00,45610.00),(1775,1716,89,1.00,0.00,NULL,NULL,16000.00,16000.00),(1776,1717,26,1.00,0.00,NULL,NULL,25100.00,25100.00),(1777,1718,89,1.00,0.00,NULL,NULL,16000.00,16000.00),(1778,1719,33,1.00,0.00,NULL,NULL,53100.00,53100.00),(1779,1720,26,1.00,0.00,NULL,NULL,24150.00,24150.00),(1781,1722,32,1.00,0.00,NULL,NULL,7000.00,7000.00),(1782,1723,32,1.00,0.00,NULL,NULL,6000.00,6000.00),(1783,1724,32,1.00,0.00,NULL,NULL,13500.00,13500.00),(1784,1725,32,1.00,0.00,NULL,NULL,146560.00,146560.00),(1785,1726,26,1.00,0.00,NULL,NULL,10900.00,10900.00),(1786,0,32,1.00,0.00,NULL,NULL,146560.00,146560.00),(1787,1727,31,1.00,0.00,NULL,NULL,13000.00,13000.00),(1788,1728,33,1.00,0.00,NULL,NULL,52500.00,52500.00),(1789,1729,32,1.00,0.00,NULL,NULL,21750.00,21750.00),(1790,1730,32,1.00,0.00,NULL,NULL,6000.00,6000.00),(1791,1731,32,1.00,0.00,NULL,NULL,186490.00,186490.00),(1792,1732,26,1.00,0.00,NULL,NULL,9850.00,9850.00),(1793,1733,32,1.00,0.00,NULL,NULL,11950.00,11950.00),(1795,0,31,1.00,0.00,NULL,NULL,6000.00,6000.00),(1796,1735,32,1.00,0.00,NULL,NULL,23800.00,23800.00),(1797,0,31,1.00,0.00,NULL,NULL,6000.00,6000.00),(1798,1736,31,1.00,0.00,NULL,NULL,6000.00,6000.00),(1799,1737,33,1.00,0.00,NULL,NULL,29500.00,29500.00),(1800,1738,32,1.00,0.00,NULL,NULL,16500.00,16500.00),(1801,1739,32,1.00,0.00,NULL,NULL,15000.00,15000.00),(1802,1740,31,1.00,0.00,NULL,NULL,18500.00,18500.00),(1803,1741,26,1.00,0.00,NULL,NULL,45341.00,45341.00),(1804,1742,32,1.00,0.00,NULL,NULL,14800.00,14800.00),(1805,0,32,1.00,0.00,NULL,NULL,192335.00,192335.00),(1806,0,32,1.00,0.00,NULL,NULL,192335.00,192335.00),(1807,1743,32,1.00,0.00,NULL,NULL,192335.00,192335.00),(1808,1744,26,1.00,0.00,NULL,NULL,23400.00,23400.00),(1809,1745,32,1.00,0.00,NULL,NULL,243660.00,243660.00),(1810,1746,32,1.00,0.00,NULL,NULL,13755.00,13755.00),(1811,1747,32,1.00,0.00,NULL,NULL,5000.00,5000.00),(1812,1748,41,1.00,0.00,NULL,NULL,16200.00,16200.00),(1813,1749,27,1.00,0.00,NULL,NULL,3700.00,3700.00),(1814,1750,27,1.00,0.00,NULL,NULL,13040.00,13040.00),(1815,1751,41,1.00,0.00,NULL,NULL,1075.00,1075.00),(1816,1752,34,1.00,0.00,NULL,NULL,7150.00,7150.00),(1817,1753,91,1.00,0.00,NULL,NULL,1915.00,1915.00),(1818,1754,32,1.00,0.00,NULL,NULL,464.00,464.00),(1819,1755,41,1.00,0.00,NULL,NULL,16282.00,16282.00),(1820,1756,27,1.00,0.00,NULL,NULL,16283.00,16283.00),(1821,1757,94,1.00,0.00,NULL,NULL,3100.00,3100.00),(1822,1758,33,1.00,0.00,NULL,NULL,2260.00,2260.00),(1823,1759,26,1.00,0.00,NULL,NULL,44300.00,44300.00),(1824,1760,32,1.00,0.00,NULL,NULL,238645.00,238645.00),(1825,1761,3,1.00,0.00,NULL,NULL,8300.00,8300.00),(1826,1762,3,1.00,0.00,NULL,NULL,8300.00,8300.00),(1827,1763,32,1.00,0.00,NULL,NULL,14000.00,14000.00),(1828,1764,94,1.00,0.00,NULL,NULL,13805.00,13805.00),(1829,1765,41,1.00,0.00,NULL,NULL,54992.00,54992.00),(1830,1766,41,1.00,0.00,NULL,NULL,13150.00,13150.00),(1831,1767,27,1.00,0.00,NULL,NULL,6985.00,6985.00),(1832,1768,26,1.00,0.00,NULL,NULL,73925.00,73925.00),(1833,1769,32,1.00,0.00,NULL,NULL,20900.00,20900.00),(1834,1770,27,1.00,0.00,NULL,NULL,38042.00,38042.00),(1835,1771,62,1.00,0.00,NULL,NULL,30673.00,30673.00),(1836,1772,41,1.00,0.00,NULL,NULL,75495.00,75495.00),(1837,1773,27,1.00,0.00,NULL,NULL,75495.00,75495.00),(1838,1774,27,1.00,0.00,NULL,NULL,80468.00,80468.00),(1839,1775,62,1.00,0.00,NULL,NULL,80467.00,80467.00),(1840,1776,94,1.00,0.00,NULL,NULL,2890.00,2890.00),(1841,1777,62,1.00,0.00,NULL,NULL,16800.00,16800.00),(1842,1778,34,1.00,0.00,NULL,NULL,16220.00,16220.00),(1843,1779,62,1.00,0.00,NULL,NULL,38437.00,38437.00),(1844,1780,32,1.00,0.00,NULL,NULL,13000.00,13000.00),(1845,1781,31,1.00,0.00,NULL,NULL,17325.00,17325.00),(1846,1782,56,1.00,0.00,NULL,NULL,38438.00,38438.00),(1847,1783,31,1.00,0.00,NULL,NULL,47000.00,47000.00),(1848,1784,33,1.00,0.00,NULL,NULL,42250.00,42250.00),(1849,1785,32,1.00,0.00,NULL,NULL,15200.00,15200.00),(1850,1786,32,1.00,0.00,NULL,NULL,11950.00,11950.00),(1851,1787,32,1.00,0.00,NULL,NULL,19100.00,19100.00),(1852,1788,3,1.00,0.00,NULL,NULL,6700.00,6700.00),(1853,1789,41,1.00,0.00,NULL,NULL,62500.00,62500.00),(1854,1790,27,1.00,0.00,NULL,NULL,62500.00,62500.00),(1855,1791,32,1.00,0.00,NULL,NULL,100600.00,100600.00),(1856,1792,26,1.00,0.00,NULL,NULL,20950.00,20950.00),(1857,1793,56,1.00,0.00,NULL,NULL,27313.00,27313.00),(1858,1794,62,1.00,0.00,NULL,NULL,27312.00,27312.00),(1859,1795,62,1.00,0.00,NULL,NULL,13000.00,13000.00),(1860,1796,56,1.00,0.00,NULL,NULL,13000.00,13000.00),(1861,1797,26,1.00,0.00,NULL,NULL,17023.00,17023.00),(1862,1798,27,1.00,0.00,NULL,NULL,40245.00,40245.00),(1863,1799,41,1.00,0.00,NULL,NULL,79324.00,79324.00),(1864,1800,42,1.00,0.00,NULL,NULL,38332.00,38332.00),(1865,1801,35,1.00,0.00,NULL,NULL,1840.00,1840.00),(1867,1803,62,1.00,0.00,NULL,NULL,34380.00,34380.00),(1870,1806,56,1.00,0.00,NULL,NULL,74957.00,74957.00),(1871,1807,62,1.00,0.00,NULL,NULL,61285.00,61285.00),(1872,0,93,1.00,0.00,NULL,NULL,6610.00,6610.00),(1873,0,56,1.00,0.00,NULL,NULL,34380.00,34380.00),(1874,0,56,1.00,0.00,NULL,NULL,34380.00,34380.00),(1875,0,56,1.00,0.00,NULL,NULL,34380.00,34380.00),(1876,0,62,1.00,0.00,NULL,NULL,74957.00,74957.00),(1877,1808,62,1.00,0.00,NULL,NULL,34380.00,34380.00),(1878,1809,56,1.00,0.00,NULL,NULL,34380.00,34380.00),(1879,0,93,1.00,0.00,NULL,NULL,6610.00,6610.00),(1880,1810,93,1.00,0.00,NULL,NULL,6610.00,6610.00),(1881,0,62,1.00,0.00,NULL,NULL,61285.00,61285.00),(1882,1811,56,1.00,0.00,NULL,NULL,61285.00,61285.00),(1883,1812,56,1.00,0.00,NULL,NULL,62500.00,62500.00),(1884,1813,62,1.00,0.00,NULL,NULL,62500.00,62500.00),(1885,1814,3,1.00,0.00,NULL,NULL,4400.00,4400.00),(1886,1815,3,1.00,0.00,NULL,NULL,22500.00,22500.00),(1887,1816,3,1.00,0.00,NULL,NULL,22500.00,22500.00),(1888,1817,31,1.00,0.00,NULL,NULL,9500.00,9500.00),(1889,1818,26,1.00,0.00,NULL,NULL,16150.00,16150.00),(1890,1819,32,1.00,0.00,NULL,NULL,169410.00,169410.00),(1891,1820,56,1.00,0.00,NULL,NULL,58000.00,58000.00),(1892,1821,62,1.00,0.00,NULL,NULL,5800.00,5800.00),(1893,1822,3,1.00,0.00,NULL,NULL,8700.00,8700.00),(1894,0,56,1.00,0.00,NULL,NULL,61285.00,61285.00),(1895,1823,57,1.00,0.00,NULL,NULL,34440.00,34440.00),(1896,1824,56,1.00,0.00,NULL,NULL,29835.00,29835.00),(1897,1825,63,1.00,0.00,NULL,NULL,7190.00,7190.00),(1898,0,3,1.00,0.00,NULL,NULL,22500.00,22500.00),(1899,1826,56,1.00,0.00,NULL,NULL,58000.00,58000.00),(1900,1827,62,1.00,0.00,NULL,NULL,58000.00,58000.00),(1901,1828,31,1.00,0.00,NULL,NULL,16500.00,16500.00),(1902,1829,32,1.00,0.00,NULL,NULL,31660.00,31660.00),(1903,1830,33,1.00,0.00,NULL,NULL,27666.00,27666.00),(1904,1831,62,1.00,0.00,NULL,NULL,39316.00,39316.00),(1905,1832,56,1.00,0.00,NULL,NULL,50935.00,50935.00),(1906,1833,56,1.00,0.00,NULL,NULL,58000.00,58000.00),(1907,1834,62,1.00,0.00,NULL,NULL,58000.00,58000.00),(1908,1835,32,1.00,0.00,NULL,NULL,13300.00,13300.00),(1909,1836,26,1.00,0.00,NULL,NULL,22700.00,22700.00),(1910,1837,63,1.00,0.00,NULL,NULL,140350.00,140350.00),(1911,1838,3,1.00,0.00,NULL,NULL,4750.00,4750.00),(1912,0,3,1.00,0.00,NULL,NULL,4750.00,4750.00),(1913,1839,82,1.00,0.00,NULL,NULL,22250.00,22250.00),(1914,1840,83,1.00,0.00,NULL,NULL,22250.00,22250.00),(1915,1841,62,1.00,0.00,NULL,NULL,15250.00,15250.00),(1916,1842,56,1.00,0.00,NULL,NULL,15250.00,15250.00),(1917,1843,42,1.00,0.00,NULL,NULL,133036.00,133036.00),(1918,1844,41,1.00,0.00,NULL,NULL,95552.00,95552.00),(1919,1845,26,1.00,0.00,NULL,NULL,36830.00,36830.00),(1920,1846,27,1.00,0.00,NULL,NULL,53300.00,53300.00),(1921,1847,32,1.00,0.00,NULL,NULL,13600.00,13600.00),(1922,0,32,1.00,0.00,NULL,NULL,13600.00,13600.00),(1923,0,27,1.00,0.00,NULL,NULL,53300.00,53300.00),(1924,0,26,1.00,0.00,NULL,NULL,36830.00,36830.00),(1925,0,41,1.00,0.00,NULL,NULL,95552.00,95552.00),(1926,0,82,1.00,0.00,NULL,NULL,22250.00,22250.00),(1927,0,82,1.00,0.00,NULL,NULL,22250.00,22250.00),(1928,0,3,1.00,0.00,NULL,NULL,4750.00,4750.00),(1929,0,63,1.00,0.00,NULL,NULL,140350.00,140350.00),(1930,0,26,1.00,0.00,NULL,NULL,22700.00,22700.00),(1931,0,32,1.00,0.00,NULL,NULL,13300.00,13300.00),(1932,0,62,1.00,0.00,NULL,NULL,58000.00,58000.00),(1933,0,56,1.00,0.00,NULL,NULL,58000.00,58000.00),(1934,0,56,1.00,0.00,NULL,NULL,50935.00,50935.00),(1935,0,62,1.00,0.00,NULL,NULL,39316.00,39316.00),(1936,0,35,1.00,0.00,NULL,NULL,27666.00,27666.00),(1937,0,32,1.00,0.00,NULL,NULL,31660.00,31660.00),(1938,0,31,1.00,0.00,NULL,NULL,16500.00,16500.00),(1939,0,62,1.00,0.00,NULL,NULL,58000.00,58000.00),(1940,0,56,1.00,0.00,NULL,NULL,58000.00,58000.00),(1941,0,63,1.00,0.00,NULL,NULL,7190.00,7190.00),(1942,0,56,1.00,0.00,NULL,NULL,29835.00,29835.00),(1943,0,57,1.00,0.00,NULL,NULL,34440.00,34440.00),(1944,0,3,1.00,0.00,NULL,NULL,8700.00,8700.00),(1945,0,33,1.00,0.00,NULL,NULL,27666.00,27666.00),(1946,0,3,1.00,0.00,NULL,NULL,8700.00,8700.00),(1948,1849,63,1.00,0.00,NULL,NULL,9800.00,9800.00),(1949,1850,3,1.00,0.00,NULL,NULL,8950.00,8950.00),(1950,1851,56,1.00,0.00,NULL,NULL,31692.00,31692.00),(1951,1852,56,1.00,0.00,NULL,NULL,15300.00,15300.00),(1952,1853,56,1.00,0.00,NULL,NULL,22785.00,22785.00),(1953,1854,62,1.00,0.00,NULL,NULL,38040.00,38040.00),(1954,1855,62,1.00,0.00,NULL,NULL,29320.00,29320.00),(1955,1856,57,1.00,0.00,NULL,NULL,24148.00,24148.00),(1956,1857,63,1.00,0.00,NULL,NULL,108500.00,108500.00),(1957,1858,26,1.00,0.00,NULL,NULL,9000.00,9000.00),(1958,1859,56,1.00,0.00,NULL,NULL,26500.00,26500.00),(1959,1860,57,1.00,0.00,NULL,NULL,61750.00,61750.00),(1960,1861,57,1.00,0.00,NULL,NULL,11200.00,11200.00),(1961,1862,3,1.00,0.00,NULL,NULL,4500.00,4500.00),(1962,1863,41,1.00,0.00,NULL,NULL,29400.00,29400.00),(1963,1864,57,1.00,0.00,NULL,NULL,98600.00,98600.00),(1964,1865,57,1.00,0.00,NULL,NULL,14000.00,14000.00),(1965,1866,57,1.00,0.00,NULL,NULL,173365.00,173365.00),(1966,1867,57,1.00,0.00,NULL,NULL,15000.00,15000.00),(1967,1868,57,1.00,0.00,NULL,NULL,111850.00,111850.00),(1968,1869,57,1.00,0.00,NULL,NULL,24148.00,24148.00),(1969,1870,57,1.00,0.00,NULL,NULL,73550.00,73550.00),(1970,1871,42,1.00,0.00,NULL,NULL,16325.00,16325.00),(1971,1872,57,1.00,0.00,NULL,NULL,38475.00,38475.00),(1972,1873,3,1.00,0.00,NULL,NULL,10250.00,10250.00),(1973,1874,57,1.00,0.00,NULL,NULL,11315.00,11315.00),(1974,0,57,1.00,0.00,NULL,NULL,11315.00,11315.00),(1975,1875,63,1.00,0.00,NULL,NULL,12400.00,12400.00),(1976,1876,56,1.00,0.00,NULL,NULL,60500.00,60500.00),(1977,1877,62,1.00,0.00,NULL,NULL,60500.00,60500.00),(1978,1878,41,1.00,0.00,NULL,NULL,24240.00,24240.00),(1979,1879,62,1.00,0.00,NULL,NULL,9278.00,9278.00),(1980,1880,26,1.00,0.00,NULL,NULL,12420.00,12420.00),(1981,1881,27,1.00,0.00,NULL,NULL,103647.00,103647.00),(1982,1882,26,1.00,0.00,NULL,NULL,2320.00,2320.00),(1983,1883,56,1.00,0.00,NULL,NULL,85030.00,85030.00),(1984,1884,62,1.00,0.00,NULL,NULL,85030.00,85030.00),(1985,1885,57,1.00,0.00,NULL,NULL,46500.00,46500.00),(1986,1886,57,1.00,0.00,NULL,NULL,7500.00,7500.00),(1987,1887,63,1.00,0.00,NULL,NULL,8200.00,8200.00),(1988,1888,56,1.00,0.00,NULL,NULL,89564.00,89564.00),(1989,1889,57,1.00,0.00,NULL,NULL,27552.00,27552.00),(1990,1890,62,1.00,0.00,NULL,NULL,89582.00,89582.00),(1991,1891,57,1.00,0.00,NULL,NULL,7300.00,7300.00),(1992,1892,57,1.00,0.00,NULL,NULL,5000.00,5000.00),(1993,1893,63,1.00,0.00,NULL,NULL,11000.00,11000.00),(1994,1894,57,1.00,0.00,NULL,NULL,11000.00,11000.00),(1995,0,63,1.00,0.00,NULL,NULL,13500.00,13500.00),(1996,1895,56,1.00,0.00,NULL,NULL,17900.00,17900.00),(1997,1896,57,1.00,0.00,NULL,NULL,27325.00,27325.00),(1998,1897,3,1.00,0.00,NULL,NULL,11750.00,11750.00),(1999,1898,63,1.00,0.00,NULL,NULL,25500.00,25500.00),(2000,1899,57,1.00,0.00,NULL,NULL,3900.00,3900.00),(2001,1900,57,1.00,0.00,NULL,NULL,6250.00,6250.00);

--
-- Table structure for table `services`
--

CREATE TABLE `services` (
  `service_id` int(11) NOT NULL AUTO_INCREMENT,
  `service_name` varchar(255) DEFAULT NULL,
  `service_amount` varchar(255) DEFAULT NULL,
  PRIMARY KEY (`service_id`)
) ENGINE=InnoDB AUTO_INCREMENT=98 DEFAULT CHARSET=latin1;

--
-- Dumping data for table `services`
--

INSERT INTO `services` (`service_id`, `service_name`, `service_amount`) VALUES (1,'Rent',''),(3,'Cylender Filling',''),(4,'Petrol',''),(5,'Tax',''),(9,'Laboure',''),(10,'Carriage (Zain)',''),(15,'Plumber',''),(18,'Daily Wages Chanti (Al-Noor)',''),(20,'Open End Repair',''),(21,'Buildings Rent',''),(22,'Mobile',''),(23,'Daily Wages Chanti (Zain)',''),(24,'Salary (Al-Noor)',''),(25,'Salary (Zain)',''),(26,'Electric (Zain)',''),(27,'Electric (Al-Noor)',''),(28,'Carriage (Al-Noor)',''),(29,'Laboure (Zain)',''),(30,'Laboure (Al-Noor)',''),(31,'Blow Room Repair (Zain)',''),(32,'Open End Repair (Zain)',''),(33,'Card-Repair (Zain)',''),(34,'Open End Repair (Fancy Mil)',''),(35,'Card-Repair (Fancy Mil)',''),(36,'Blow Room Repair (Fancy Mil)',''),(37,'Laboure (Fancy Mil)',''),(38,'Laboure (Fancy)',''),(39,'Carriage (Fancy)',''),(40,'Carriage (Fancy Mil)',''),(41,'Electric (Fancy)',''),(42,'Electric (Fancy Mil)',''),(44,'Daily Wages Chanti (Fancy)',''),(45,'Daily Wages Chanti (Fancy Mil)',''),(46,'Salary (Fancy)',''),(47,'Salary (Fancy Mil)',''),(48,'Office Expense (Zain)',''),(49,'Office Expense (Fancy)',''),(50,'Office Expense (Al-Noor)',''),(51,'Office Expense (Fancy Mil)',''),(52,'Medical',''),(56,'Spare Parts (Al Noor)',''),(57,'Spare Parts (Fancy Mill)',''),(58,'Rent (Zain)',''),(59,'Rent (Fancy)',''),(60,'Rent (Masha Allah)',''),(61,'Rent (Al Noor Taki Goddam)',''),(62,'Spare Parts (Fancy Cotton)',''),(63,'Spare Parts (Zain)',''),(64,'Spare Parts (Masha Allah)',''),(65,'Spare Parts (Al Noor Taki Goddam)',''),(66,'Rent (Al Noor Cotton)',''),(67,'Rent (Fancy Cotton)',''),(68,'Laboure (Al Noor Taki Goddam)',''),(69,'Laboure (Al Haseeb goddam)',''),(70,'Laboure (Masha Allah)',''),(71,'Repair (Zain)',''),(72,'Repair (Al-Noor)',''),(73,'Repair (Fancy Mill)',''),(74,'Repair (Fancy Cotton)',''),(75,'Repair (Masha Allah)',''),(76,'Repair (Al Noor Taki Goddam)',''),(77,'Electric (Al Noor Taki Goddam)',''),(78,'Electric (Masha Allah)',''),(79,'Carriage (Al Noor Taki Goddam)',''),(80,'Carriage (Masha Allah)',''),(81,'Carriage (Fancy Goddam)',''),(82,'NEW (Zain)',''),(83,'NEW (Fancy)',''),(84,'Laboure (Fancy Goddam)',''),(85,'Repair (Fancy Goddam)',''),(86,'Carriage (Al Haseeb Goddam)',''),(87,'Salary (Al-Haseeb Goddam)',''),(89,'Medical (Zain)',''),(90,'Medical (Fancy)',''),(91,'Electric (New Taki Goddam)',''),(92,'Carriage (New Taki Goddom)',''),(93,'Spare Part (New Taki Goddam)',''),(94,'Electric (New Goddam Khata)',''),(95,'labour (new taki godam1)H',''),(96,'labour (new taki godam2)H','');

--
-- Table structure for table `units`
--

CREATE TABLE `units` (
  `unit_id` int(11) NOT NULL AUTO_INCREMENT,
  `unit_name` varchar(255) DEFAULT NULL,
  `unit_symbol` varchar(50) DEFAULT NULL,
  PRIMARY KEY (`unit_id`)
) ENGINE=InnoDB AUTO_INCREMENT=32 DEFAULT CHARSET=latin1;

--
-- Dumping data for table `units`
--

INSERT INTO `units` (`unit_id`, `unit_name`, `unit_symbol`) VALUES (1,'Roll','Roll'),(2,'Box','Box'),(3,'Pieces','Pcs'),(4,'Dozens','Doz'),(5,'Bottle','Bottle'),(6,'Tube','Tube'),(7,'inches','inches'),(8,'meter','mt'),(9,'centi meter','cm'),(10,'Kilogram','Kg'),(11,'cans','cans'),(12,'bags','bags'),(13,'plastic drums','plastic drums'),(14,'carton','carton'),(15,'iron drum','iron drum'),(16,'gram','gram'),(17,'bundle','bundle'),(18,'reel','reel'),(19,'mili liter','ml'),(20,'Liters','ltr.'),(21,'Packets','Packets'),(22,'Gazz','Y'),(23,'Caps','caps'),(24,'Maund','maund'),(25,'Sachets','sachet'),(26,'Rim','rim'),(27,'Beam','beam'),(28,'Than','Than'),(29,'RS','Rs'),(30,'Feet','ft'),(31,'Square Feet','Sq.ft');

--
-- Table structure for table `user_group_modules`
--

CREATE TABLE `user_group_modules` (
  `id` int(11) NOT NULL AUTO_INCREMENT,
  `user_group_id` int(11) DEFAULT NULL,
  `module_id` int(11) DEFAULT NULL,
  PRIMARY KEY (`id`)
) ENGINE=InnoDB AUTO_INCREMENT=149 DEFAULT CHARSET=latin1;

--
-- Dumping data for table `user_group_modules`
--

INSERT INTO `user_group_modules` (`id`, `user_group_id`, `module_id`) VALUES (1,1,1),(2,1,2),(3,1,3),(4,1,4),(5,1,5),(6,1,6),(7,1,7),(8,1,8),(9,1,9),(10,1,10),(11,1,11),(12,1,12),(13,1,13),(14,1,14),(15,1,15),(16,1,16),(17,1,17),(18,1,18),(19,1,19),(22,1,22),(23,1,23),(24,1,24),(25,1,25),(26,1,26),(27,1,27),(28,1,28),(29,1,29),(30,1,30),(31,1,31),(32,1,32),(33,2,10),(35,3,1),(41,3,5),(46,3,10),(47,3,11),(48,3,12),(50,1,33),(51,2,33),(52,3,26),(53,1,34),(54,1,35),(55,1,36),(56,1,37),(57,1,38),(58,1,39),(59,1,40),(60,1,41),(61,1,42),(62,1,43),(63,1,44),(64,1,45),(65,1,46),(66,1,47),(67,1,48),(68,1,49),(69,1,50),(70,1,51),(71,1,52),(72,1,53),(73,1,54),(74,1,55),(76,3,28),(77,3,29),(79,1,56),(80,1,57),(82,3,0),(83,3,33),(85,1,58),(86,1,59),(87,2,59),(88,3,61),(89,3,59),(91,1,60),(92,1,61),(94,3,37),(95,1,62),(96,1,63),(97,1,64),(98,1,65),(101,3,60),(102,5,55),(103,5,56),(104,5,57),(105,5,63),(106,5,64),(107,3,14),(108,3,30),(109,3,19),(110,3,54),(111,1,66),(113,2,37),(114,4,12),(115,4,60),(116,4,55),(117,4,56),(118,4,57),(119,2,1),(120,2,29),(121,2,7),(122,2,35),(123,1,67),(124,1,68),(125,1,69),(129,4,70),(130,3,70),(132,1,70),(133,2,31),(134,2,14),(135,6,1),(136,6,44),(137,6,45),(138,6,46),(139,6,47),(140,6,48),(141,6,49),(142,1,71),(143,1,72),(144,1,73),(145,1,74),(146,1,75),(147,1,76),(148,1,77);

--
-- Table structure for table `user_groups`
--

CREATE TABLE `user_groups` (
  `user_group_id` int(11) NOT NULL AUTO_INCREMENT,
  `user_group` varchar(255) DEFAULT NULL,
  `status` tinyint(4) NOT NULL DEFAULT 1,
  PRIMARY KEY (`user_group_id`)
) ENGINE=InnoDB AUTO_INCREMENT=7 DEFAULT CHARSET=latin1;

--
-- Dumping data for table `user_groups`
--

INSERT INTO `user_groups` (`user_group_id`, `user_group`, `status`) VALUES (1,'Administrator',1),(2,'Sales',1),(3,'Manager',1),(4,'Production & Sale',1),(5,'Reception',1),(6,'HRM',1);

--
-- Table structure for table `users`
--

CREATE TABLE `users` (
  `id` int(11) NOT NULL AUTO_INCREMENT,
  `name` varchar(255) DEFAULT NULL,
  `password` varchar(255) DEFAULT NULL,
  `email` varchar(255) DEFAULT NULL,
  `user_group_id` int(11) NOT NULL,
  `status` int(11) NOT NULL DEFAULT 1,
  PRIMARY KEY (`id`)
) ENGINE=InnoDB AUTO_INCREMENT=5 DEFAULT CHARSET=latin1;

--
-- Dumping data for table `users`
--

INSERT INTO `users` (`id`, `name`, `password`, `email`, `user_group_id`, `status`) VALUES (4,'ADMIN','f865b53623b121fd34ee5426c792e5c33af8c227','admin@eeizo.com',1,1);

--
-- Table structure for table `warehouses`
--

CREATE TABLE `warehouses` (
  `warehouse_id` int(11) NOT NULL AUTO_INCREMENT,
  `warehouse_name` varchar(255) DEFAULT NULL,
  `warehouse_address` text DEFAULT NULL,
  PRIMARY KEY (`warehouse_id`)
) ENGINE=InnoDB AUTO_INCREMENT=2 DEFAULT CHARSET=latin1 ROW_FORMAT=COMPACT;

--
-- Dumping data for table `warehouses`
--

INSERT INTO `warehouses` (`warehouse_id`, `warehouse_name`, `warehouse_address`) VALUES (1,'Shop','Shop');

--
-- Dumping events for database 'faisalanwar_alkabeer'
--

--
-- Dumping routines for database 'faisalanwar_alkabeer'
--


